{"id":957,"date":"2012-06-19T13:15:41","date_gmt":"2012-06-19T13:15:41","guid":{"rendered":"http:\/\/www.artspeculation.net\/?page_id=957"},"modified":"2022-04-12T08:12:25","modified_gmt":"2022-04-12T08:12:25","slug":"957-2","status":"publish","type":"page","link":"https:\/\/www.artspeculation.net\/?page_id=957","title":{"rendered":"Carte postale"},"content":{"rendered":"\n<div class=\"wp-container-1 wp-block-group\"><div class=\"wp-block-group__inner-container\">\n<p>\n\n<div class=\"ngg-galleryoverview ngg-slideshow\"\n\t id=\"ngg-slideshow-8150a45436722b61dd6d5479d2d011f5-15499933150\"\n     data-gallery-id=\"8150a45436722b61dd6d5479d2d011f5\"\n     style=\"max-width: 800px; max-height: 600px;\">\n\n \t<div id=\"ngg-image-0\" class=\"ngg-gallery-slideshow-image\" style=\"height:600px\">\n\n        <a href=\"https:\/\/www.artspeculation.net\/wp-content\/gallery\/cartepostale\/cartepostale.jpg\"\n           title=\"\"\n           data-src=\"https:\/\/www.artspeculation.net\/wp-content\/gallery\/cartepostale\/cartepostale.jpg\"\n           data-thumbnail=\"https:\/\/www.artspeculation.net\/wp-content\/gallery\/cartepostale\/thumbs\/thumbs_cartepostale.jpg\"\n           data-image-id=\"129\"\n           data-title=\"cartepostale\"\n           data-description=\"\"\n           >\n\n            <img data-image-id='129'\n                 title=\"\"\n                 alt=\"cartepostale\"\n                 src=\"https:\/\/www.artspeculation.net\/wp-content\/gallery\/cartepostale\/cartepostale.jpg\"\n                 style=\"max-height: 580px;\"\/>\n        <\/a>\n\n        <\/div> \n<div id=\"ngg-image-1\" class=\"ngg-gallery-slideshow-image\" style=\"height:600px\">\n\n        <a href=\"https:\/\/www.artspeculation.net\/wp-content\/gallery\/cartepostale\/cartepostaledetail.jpg\"\n           title=\"\"\n           data-src=\"https:\/\/www.artspeculation.net\/wp-content\/gallery\/cartepostale\/cartepostaledetail.jpg\"\n           data-thumbnail=\"https:\/\/www.artspeculation.net\/wp-content\/gallery\/cartepostale\/thumbs\/thumbs_cartepostaledetail.jpg\"\n           data-image-id=\"130\"\n           data-title=\"cartepostaledetail\"\n           data-description=\"\"\n           >\n\n            <img data-image-id='130'\n                 title=\"\"\n                 alt=\"cartepostaledetail\"\n                 src=\"https:\/\/www.artspeculation.net\/wp-content\/gallery\/cartepostale\/cartepostaledetail.jpg\"\n                 style=\"max-height: 580px;\"\/>\n        <\/a>\n\n        <\/div> \n<\/div>\n\n\n\t\t<!-- Thumbnails Link -->\n\t<div class=\"slideshowlink\" style=\"max-width: 800px;\">\n        <a href='https:\/\/www.artspeculation.net\/index.php\/nggallery\/thumbnails?page_id=957'><\/a>\n\t<\/div>\n\n<br><strong>Carte postale<\/strong> &nbsp;&nbsp;2012 \u2013 160&#215;180 cm \u2013 Cadres en m\u00e9dium, \u00e9l\u00e9ments de puzzles.<\/p>\n<p><em>Les pi\u00e8ces de puzzles manquantes forment un message : \u00ab LIFE IS A DREAM \u00bb. Envoyer une carte postale, c\u2019est faire savoir \u00e0 ses proches que l\u2019on vient de retrouver la vraie vie, celle dont on r\u00eave, celle des stars, celle du bonheur permanent, celle qu\u2019on attend toute l\u2019ann\u00e9e et qui nous permettra d\u2019oublier le quotidien morose et m\u00e9diocre. Construire pi\u00e8ce \u00e0 pi\u00e8ce la m\u00e9moire d\u2019une existence faite de parenth\u00e8ses, pour se persuader que l\u2019on m\u00e9rite autant qu\u2019un autre la reconnaissance, que sa vie est passionnante et enviable, est absurde.<\/em><\/p>\n<p>&nbsp;<\/p>\n<p><small>Pour agrandir, cliquez sur l&rsquo;image :<\/small><\/p>\n<p><a class=\"thickbox\" title=\"Carte postale   2012 - 160x180 cm - Cadres en m\u00e9dium, \u00e9l\u00e9ments de puzzles.\" href=\"https:\/\/www.artspeculation.net\/wp-content\/gallery\/cartepostale\/cartepostale.jpg\" rel=\"\"><img class=\"ngg-singlepic ngg-left\" src=\"https:\/\/www.artspeculation.net\/wp-content\/gallery\/cartepostale\/thumbs\/thumbs_cartepostale.jpg\" alt=\"Carte postale\"><\/a><br><strong>Carte postale<\/strong> &nbsp;&nbsp;2012 \u2013 160&#215;180 cm \u2013 Cadres en m\u00e9dium, \u00e9l\u00e9ments de puzzles.<\/p>\n<p><a class=\"thickbox\" title=\"Carte postale (d\u00e9tail)   2012 - 160x180 cm - Cadres en m\u00e9dium, \u00e9l\u00e9ments de puzzles.\" href=\"https:\/\/www.artspeculation.net\/wp-content\/gallery\/cartepostale\/cartepostaledetail.jpg\" rel=\"\"><img class=\"ngg-singlepic ngg-left\" src=\"https:\/\/www.artspeculation.net\/wp-content\/gallery\/cartepostale\/thumbs\/thumbs_cartepostaledetail.jpg\" alt=\"Carte postale d\u00e9tail\"><\/a><br><strong>Carte postale<\/strong> d\u00e9tail &nbsp;&nbsp;2012 \u2013 160&#215;180 cm \u2013 Cadres en m\u00e9dium, \u00e9l\u00e9ments de puzzles.<\/p>\n<p><a class=\"thickbox\" title=\"Carte postale (d\u00e9tail)   2012 - 160x180 cm - Cadres en m\u00e9dium, \u00e9l\u00e9ments de puzzles.\" href=\"https:\/\/www.artspeculation.net\/wp-content\/gallery\/cartepostale\/cartepostaledetail3.jpg\" rel=\"\"><img class=\"ngg-singlepic ngg-left\" src=\"https:\/\/www.artspeculation.net\/wp-content\/gallery\/cartepostale\/thumbs\/thumbs_cartepostaledetail3.jpg\" alt=\"Carte postale d\u00e9tail\"><\/a><br><strong>Carte postale<\/strong> d\u00e9tail &nbsp;&nbsp;2012 \u2013 160&#215;180 cm \u2013 Cadres en m\u00e9dium, \u00e9l\u00e9ments de puzzles.<\/p>\n<p>&nbsp;<\/p>\n<p>&nbsp;<\/p>\n<p><a href=\"https:\/\/www.artspeculation.net\/?page_id=34\"> Retour portofolio<\/a><\/p>\n<\/div><\/div>\n","protected":false},"excerpt":{"rendered":"<p>Carte postale &nbsp;&nbsp;2012 \u2013 160&#215;180 cm \u2013 Cadres en m\u00e9dium, \u00e9l\u00e9ments de puzzles. Les pi\u00e8ces de puzzles manquantes forment un message : \u00ab LIFE IS A DREAM \u00bb. Envoyer une carte postale, c\u2019est faire savoir \u00e0 ses proches que l\u2019on vient de retrouver la vraie vie, celle dont on r\u00eave, celle des stars, celle du [&hellip;]<\/p>\n","protected":false},"author":1,"featured_media":0,"parent":1349,"menu_order":0,"comment_status":"closed","ping_status":"closed","template":"onecolumn-page.php","meta":{"ngg_post_thumbnail":0},"_links":{"self":[{"href":"https:\/\/www.artspeculation.net\/index.php?rest_route=\/wp\/v2\/pages\/957"}],"collection":[{"href":"https:\/\/www.artspeculation.net\/index.php?rest_route=\/wp\/v2\/pages"}],"about":[{"href":"https:\/\/www.artspeculation.net\/index.php?rest_route=\/wp\/v2\/types\/page"}],"author":[{"embeddable":true,"href":"https:\/\/www.artspeculation.net\/index.php?rest_route=\/wp\/v2\/users\/1"}],"replies":[{"embeddable":true,"href":"https:\/\/www.artspeculation.net\/index.php?rest_route=%2Fwp%2Fv2%2Fcomments&post=957"}],"version-history":[{"count":17,"href":"https:\/\/www.artspeculation.net\/index.php?rest_route=\/wp\/v2\/pages\/957\/revisions"}],"predecessor-version":[{"id":2558,"href":"https:\/\/www.artspeculation.net\/index.php?rest_route=\/wp\/v2\/pages\/957\/revisions\/2558"}],"up":[{"embeddable":true,"href":"https:\/\/www.artspeculation.net\/index.php?rest_route=\/wp\/v2\/pages\/1349"}],"wp:attachment":[{"href":"https:\/\/www.artspeculation.net\/index.php?rest_route=%2Fwp%2Fv2%2Fmedia&parent=957"}],"curies":[{"name":"wp","href":"https:\/\/api.w.org\/{rel}","templated":true}]}}