{"id":942,"date":"2012-06-14T15:39:32","date_gmt":"2012-06-14T15:39:32","guid":{"rendered":"http:\/\/www.artspeculation.net\/?page_id=942"},"modified":"2022-04-12T22:31:55","modified_gmt":"2022-04-12T22:31:55","slug":"investissement","status":"publish","type":"page","link":"https:\/\/www.artspeculation.net\/?page_id=942","title":{"rendered":"Investissement"},"content":{"rendered":"\n<div class=\"wp-block-columns\">\n<div class=\"wp-block-column\" style=\"flex-basis:100%\">\n<p>\n\n<div class=\"ngg-galleryoverview ngg-slideshow\"\n\t id=\"ngg-slideshow-985442c0836396457ab95b5512dfa45b-9832839950\"\n     data-gallery-id=\"985442c0836396457ab95b5512dfa45b\"\n     style=\"max-width: 800px; max-height: 600px;\">\n\n \t<div id=\"ngg-image-0\" class=\"ngg-gallery-slideshow-image\" style=\"height:600px\">\n\n        <a href=\"https:\/\/www.artspeculation.net\/wp-content\/gallery\/bavoir\/bavoir.jpg\"\n           title=\"\"\n           data-src=\"https:\/\/www.artspeculation.net\/wp-content\/gallery\/bavoir\/bavoir.jpg\"\n           data-thumbnail=\"https:\/\/www.artspeculation.net\/wp-content\/gallery\/bavoir\/thumbs\/thumbs_bavoir.jpg\"\n           data-image-id=\"121\"\n           data-title=\"bavoir\"\n           data-description=\"\"\n           >\n\n            <img data-image-id='121'\n                 title=\"\"\n                 alt=\"bavoir\"\n                 src=\"https:\/\/www.artspeculation.net\/wp-content\/gallery\/bavoir\/bavoir.jpg\"\n                 style=\"max-height: 580px;\"\/>\n        <\/a>\n\n        <\/div> \n<div id=\"ngg-image-1\" class=\"ngg-gallery-slideshow-image\" style=\"height:600px\">\n\n        <a href=\"https:\/\/www.artspeculation.net\/wp-content\/gallery\/bavoir\/bavoirdetail.jpg\"\n           title=\"\"\n           data-src=\"https:\/\/www.artspeculation.net\/wp-content\/gallery\/bavoir\/bavoirdetail.jpg\"\n           data-thumbnail=\"https:\/\/www.artspeculation.net\/wp-content\/gallery\/bavoir\/thumbs\/thumbs_bavoirdetail.jpg\"\n           data-image-id=\"122\"\n           data-title=\"bavoirdetail\"\n           data-description=\"\"\n           >\n\n            <img data-image-id='122'\n                 title=\"\"\n                 alt=\"bavoirdetail\"\n                 src=\"https:\/\/www.artspeculation.net\/wp-content\/gallery\/bavoir\/bavoirdetail.jpg\"\n                 style=\"max-height: 580px;\"\/>\n        <\/a>\n\n        <\/div> \n<div id=\"ngg-image-2\" class=\"ngg-gallery-slideshow-image\" style=\"height:600px\">\n\n        <a href=\"https:\/\/www.artspeculation.net\/wp-content\/gallery\/bavoir\/bavoirebay.jpg\"\n           title=\"\"\n           data-src=\"https:\/\/www.artspeculation.net\/wp-content\/gallery\/bavoir\/bavoirebay.jpg\"\n           data-thumbnail=\"https:\/\/www.artspeculation.net\/wp-content\/gallery\/bavoir\/thumbs\/thumbs_bavoirebay.jpg\"\n           data-image-id=\"148\"\n           data-title=\"bavoirebay\"\n           data-description=\"\"\n           >\n\n            <img data-image-id='148'\n                 title=\"\"\n                 alt=\"bavoirebay\"\n                 src=\"https:\/\/www.artspeculation.net\/wp-content\/gallery\/bavoir\/bavoirebay.jpg\"\n                 style=\"max-height: 580px;\"\/>\n        <\/a>\n\n        <\/div> \n<\/div>\n\n\n\t\t<!-- Thumbnails Link -->\n\t<div class=\"slideshowlink\" style=\"max-width: 800px;\">\n        <a href='https:\/\/www.artspeculation.net\/index.php\/nggallery\/thumbnails?page_id=942'><\/a>\n\t<\/div>\n\n<br><strong>Investissement<\/strong> &nbsp;&nbsp;2012 \u2013 30&#215;20 cm \u2013 bavoir d\u2019enfant en coton, point de croix en fil de coton noir.<br><br><em>Nous vivons dans ce mythe qu&rsquo;aujourd&rsquo;hui tout s&rsquo;ach\u00e8te, m\u00eame le bonheur. Au supermarch\u00e9, dans une agence de voyages, dans une boutique de fringues, chez un chirurgien, et bien s\u00fbr, sur Internet. Et si ce n\u2019est maintenant, la sp\u00e9culation est l\u00e0 pour nous apporter un avenir meilleur. Investissements immobiliers, placements financiers, sp\u00e9culations sur les \u0153uvres d\u2019art.<br><br>Nous proposons l\u2019improbable :<br>&nbsp;&nbsp;&nbsp;&#8211; Le bavoir, modeste attribut du nourrisson, rappelant le long chemin \u00e0 parcourir entre ces d\u00e9buts maladroits et l\u2019obtention d\u2019une reconnaissance sociale.<br>&nbsp;&nbsp;&nbsp;&#8211; L\u2019enfant, symbole du bonheur du couple, produit de l&rsquo;amour, accomplissement des parents.<br>&nbsp;&nbsp;&nbsp;&#8211; Le point de croix, travail de patience, kitch, cadeau d\u00e9sint\u00e9ress\u00e9.<br>&nbsp;&nbsp;&nbsp;&#8211; eBay, arch\u00e9type du commerce sur Internet, des bonnes affaires.<br>&nbsp;&nbsp;&nbsp;&#8211; Le QR CODE, nouveau signe du marketing, du commerce via Internet, de la rapidit\u00e9-efficacit\u00e9-rentabilit\u00e9.<br><br>Tous ces \u00e9l\u00e9ments sont r\u00e9unis pour constituer un vrai modeste chef-d\u2019\u0153uvre aujourd\u2019hui accessible sur <a title=\"lien eBay\" href=\"http:\/\/www.ebay.fr\/sch\/i.html?_odkw=artspeculation&amp;_osacat=0&amp;_from=R40&amp;_trksid=m570.l1313&amp;_nkw=artspeculation&amp;_sacat=0\" target=\"_blank\" rel=\"noopener\">eBay<\/a>.<br><br>Il n\u2019y a que l\u2019enfant qui n\u2019est pas \u00e0 vendre, ce b\u00e2ton pour nos vieux jours, ce faire valoir, celui qui nous fera vivre par procuration la vie qu\u2019on aurait aim\u00e9 avoir, celui qui payera nos retraites&#8230;<\/em><br><br><br><small>Pour agrandir, cliquez sur l&rsquo;image :<\/small><br><br><a class=\"thickbox\" title=\"Investissement   2012 - 30x20cm - bavoir d\u2019enfant en coton, point de croix en fil de coton noir.\" href=\"https:\/\/www.artspeculation.net\/wp-content\/gallery\/bavoir\/bavoir.jpg\" rel=\"\"><img class=\"ngg-singlepic ngg-left\" src=\"https:\/\/www.artspeculation.net\/wp-content\/gallery\/bavoir\/thumbs\/thumbs_bavoir.jpg\" alt=\"Investissement\"><\/a><strong>Investissement<\/strong> &nbsp;&nbsp;2012 \u2013 30&#215;20 cm \u2013 bavoir d\u2019enfant en coton, point de croix en fil de coton noir.<br><br><br><a class=\"thickbox\" title=\"Investissement (d\u00e9tail)   2012 - 30x20cm - bavoir d\u2019enfant en coton, point de croix en fil de coton noir.\" href=\"https:\/\/www.artspeculation.net\/wp-content\/gallery\/bavoir\/bavoirdetail.jpg\" rel=\"\"><img class=\"ngg-singlepic ngg-left\" src=\"https:\/\/www.artspeculation.net\/wp-content\/gallery\/bavoir\/thumbs\/thumbs_bavoirdetail.jpg\" alt=\"Investissement d\u00e9tail\"><\/a><strong>Investissement<\/strong> d\u00e9tail &nbsp;&nbsp;2012 \u2013 30&#215;20 cm \u2013 bavoir d\u2019enfant en coton, point de croix en fil de coton noir.<br><br><br><a class=\"thickbox\" title=\"Investissement (annonce eBay)   2012 - 30x20cm - bavoir d\u2019enfant en coton, point de croix en fil de coton noir.\" href=\"http:\/\/shop.ebay.fr\/i.html?_nkw=ART+CONTEMPORAIN+SPECULATION+BAVOIR+BRODERIE+QR+CODE&amp;_sacat=0&amp;LH_PrefLoc=0&amp;cmd=Blend&amp;LH_TitleDesc=0\" rel=\"\"><img class=\"ngg-singlepic ngg-left\" src=\"https:\/\/www.artspeculation.net\/wp-content\/gallery\/bavoir\/thumbs\/thumbs_bavoirebay.jpg\" alt=\"Investissement annonce eBay\"><\/a><strong>Investissement<\/strong> annonce eBay &nbsp;&nbsp;2012 \u2013 30&#215;20 cm \u2013 bavoir d\u2019enfant en coton, point de croix en fil de coton noir.<br><br><br><\/p>\n<p><br><a href=\"https:\/\/www.artspeculation.net\/?page_id=34\"> Retour portofolio<\/a><\/p>\n<\/div>\n<\/div>\n","protected":false},"excerpt":{"rendered":"<p>Investissement &nbsp;&nbsp;2012 \u2013 30&#215;20 cm \u2013 bavoir d\u2019enfant en coton, point de croix en fil de coton noir. Nous vivons dans ce mythe qu&rsquo;aujourd&rsquo;hui tout s&rsquo;ach\u00e8te, m\u00eame le bonheur. Au supermarch\u00e9, dans une agence de voyages, dans une boutique de fringues, chez un chirurgien, et bien s\u00fbr, sur Internet. Et si ce n\u2019est maintenant, la [&hellip;]<\/p>\n","protected":false},"author":1,"featured_media":0,"parent":390,"menu_order":0,"comment_status":"closed","ping_status":"closed","template":"onecolumn-page.php","meta":{"ngg_post_thumbnail":0},"_links":{"self":[{"href":"https:\/\/www.artspeculation.net\/index.php?rest_route=\/wp\/v2\/pages\/942"}],"collection":[{"href":"https:\/\/www.artspeculation.net\/index.php?rest_route=\/wp\/v2\/pages"}],"about":[{"href":"https:\/\/www.artspeculation.net\/index.php?rest_route=\/wp\/v2\/types\/page"}],"author":[{"embeddable":true,"href":"https:\/\/www.artspeculation.net\/index.php?rest_route=\/wp\/v2\/users\/1"}],"replies":[{"embeddable":true,"href":"https:\/\/www.artspeculation.net\/index.php?rest_route=%2Fwp%2Fv2%2Fcomments&post=942"}],"version-history":[{"count":26,"href":"https:\/\/www.artspeculation.net\/index.php?rest_route=\/wp\/v2\/pages\/942\/revisions"}],"predecessor-version":[{"id":2942,"href":"https:\/\/www.artspeculation.net\/index.php?rest_route=\/wp\/v2\/pages\/942\/revisions\/2942"}],"up":[{"embeddable":true,"href":"https:\/\/www.artspeculation.net\/index.php?rest_route=\/wp\/v2\/pages\/390"}],"wp:attachment":[{"href":"https:\/\/www.artspeculation.net\/index.php?rest_route=%2Fwp%2Fv2%2Fmedia&parent=942"}],"curies":[{"name":"wp","href":"https:\/\/api.w.org\/{rel}","templated":true}]}}