{"id":350,"date":"2012-03-10T14:54:28","date_gmt":"2012-03-10T14:54:28","guid":{"rendered":"http:\/\/www.artspeculation.net\/?page_id=350"},"modified":"2022-04-12T22:45:05","modified_gmt":"2022-04-12T22:45:05","slug":"speculation","status":"publish","type":"page","link":"https:\/\/www.artspeculation.net\/?page_id=350","title":{"rendered":"Sp\u00e9culation"},"content":{"rendered":"\n<div class=\"wp-block-columns\">\n<div class=\"wp-block-column\" style=\"flex-basis:100%\">\n<p>2010 &#8211; Annonce sur site marchand Internet (eBay France)<br>\n\n<div class=\"ngg-galleryoverview ngg-slideshow\"\n\t id=\"ngg-slideshow-cc1594b4aa49f9521627d66858c480f0-11972843820\"\n     data-gallery-id=\"cc1594b4aa49f9521627d66858c480f0\"\n     style=\"max-width: 800px; max-height: 600px;\">\n\n \t<div id=\"ngg-image-0\" class=\"ngg-gallery-slideshow-image\" style=\"height:600px\">\n\n        <a href=\"https:\/\/www.artspeculation.net\/wp-content\/gallery\/speculation\/speculation.jpg\"\n           title=\"\"\n           data-src=\"https:\/\/www.artspeculation.net\/wp-content\/gallery\/speculation\/speculation.jpg\"\n           data-thumbnail=\"https:\/\/www.artspeculation.net\/wp-content\/gallery\/speculation\/thumbs\/thumbs_speculation.jpg\"\n           data-image-id=\"106\"\n           data-title=\"ART CONTEMPORAIN CONCEPTUEL SPECULATION MISE EN VENTE 1 en vente\"\n           data-description=\"\"\n           >\n\n            <img data-image-id='106'\n                 title=\"\"\n                 alt=\"ART CONTEMPORAIN CONCEPTUEL SPECULATION MISE EN VENTE 1 en vente\"\n                 src=\"https:\/\/www.artspeculation.net\/wp-content\/gallery\/speculation\/speculation.jpg\"\n                 style=\"max-height: 580px;\"\/>\n        <\/a>\n\n        <\/div> \n<\/div>\n\n\n\t\t<!-- Thumbnails Link -->\n\t<div class=\"slideshowlink\" style=\"max-width: 800px;\">\n        <a href='https:\/\/www.artspeculation.net\/index.php\/nggallery\/thumbnails?page_id=350'><\/a>\n\t<\/div>\n\n<br>Dans ce projet ludique et conceptuel, l\u2019exp\u00e9rimentation porte sur la relation entre la cr\u00e9ation et la sp\u00e9culation. Elle place le collectionneur sp\u00e9culateur dans un dilemme : pour faire monter la valeur de l\u2019\u0153uvre qu\u2019il a acquise, il doit devenir cr\u00e9ateur et s\u2019en dessaisir. Comme l\u2019int\u00e9r\u00eat d\u2019une \u0153uvre d\u2019art dans un syst\u00e8me lib\u00e9ral se mesure \u00e0 sa valeur financi\u00e8re, c\u2019est celui qui lui attribue la plus forte valeur qui caract\u00e9rise sa position dans l\u2019\u00e9chelle des valeurs artistiques. Plus le prix monte et plus l\u2019\u0153uvre est attractive. Pour faire monter les prix, il n\u2019y a ici pas d\u2019autre alternative que de vendre mais le prochain acheteur peut aussi garder pour lui la ma\u00eetrise de l\u2019\u0153uvre.<br>On met en vente aux ench\u00e8res sur eBay l\u2019id\u00e9e d\u2019une \u0153uvre conceptuelle, mise \u00e0 prix un euro, et on imagine que la curiosit\u00e9 du public en fera la publicit\u00e9. Achet\u00e9e sur eBay, chacun peut choisir son sujet pour cr\u00e9er une \u0153uvre d\u2019art, le faire conna\u00eetre \u00e0 tous, et revendre l\u2019\u0153uvre sur le m\u00eame site d\u2019ench\u00e8res, o\u00f9 elle sera ensuite remise en vente. Comme la vente doit se faire plus cher que l\u2019achat cela ne co\u00fbte rien tant qu\u2019il y a des sp\u00e9culateurs. Celle-ci a ainsi \u00e9t\u00e9 vendue 572\u20ac.<br><br><br><\/p>\n<\/div>\n<\/div>\n","protected":false},"excerpt":{"rendered":"<p>2010 &#8211; Annonce sur site marchand Internet (eBay France) Dans ce projet ludique et conceptuel, l\u2019exp\u00e9rimentation porte sur la relation entre la cr\u00e9ation et la sp\u00e9culation. Elle place le collectionneur sp\u00e9culateur dans un dilemme : pour faire monter la valeur de l\u2019\u0153uvre qu\u2019il a acquise, il doit devenir cr\u00e9ateur et s\u2019en dessaisir. Comme l\u2019int\u00e9r\u00eat d\u2019une [&hellip;]<\/p>\n","protected":false},"author":1,"featured_media":0,"parent":390,"menu_order":0,"comment_status":"closed","ping_status":"closed","template":"onecolumn-page.php","meta":{"ngg_post_thumbnail":0},"_links":{"self":[{"href":"https:\/\/www.artspeculation.net\/index.php?rest_route=\/wp\/v2\/pages\/350"}],"collection":[{"href":"https:\/\/www.artspeculation.net\/index.php?rest_route=\/wp\/v2\/pages"}],"about":[{"href":"https:\/\/www.artspeculation.net\/index.php?rest_route=\/wp\/v2\/types\/page"}],"author":[{"embeddable":true,"href":"https:\/\/www.artspeculation.net\/index.php?rest_route=\/wp\/v2\/users\/1"}],"replies":[{"embeddable":true,"href":"https:\/\/www.artspeculation.net\/index.php?rest_route=%2Fwp%2Fv2%2Fcomments&post=350"}],"version-history":[{"count":14,"href":"https:\/\/www.artspeculation.net\/index.php?rest_route=\/wp\/v2\/pages\/350\/revisions"}],"predecessor-version":[{"id":2962,"href":"https:\/\/www.artspeculation.net\/index.php?rest_route=\/wp\/v2\/pages\/350\/revisions\/2962"}],"up":[{"embeddable":true,"href":"https:\/\/www.artspeculation.net\/index.php?rest_route=\/wp\/v2\/pages\/390"}],"wp:attachment":[{"href":"https:\/\/www.artspeculation.net\/index.php?rest_route=%2Fwp%2Fv2%2Fmedia&parent=350"}],"curies":[{"name":"wp","href":"https:\/\/api.w.org\/{rel}","templated":true}]}}