{"id":342,"date":"2012-03-10T14:21:16","date_gmt":"2012-03-10T14:21:16","guid":{"rendered":"http:\/\/www.artspeculation.net\/?page_id=342"},"modified":"2022-04-12T22:41:56","modified_gmt":"2022-04-12T22:41:56","slug":"objet-inutile","status":"publish","type":"page","link":"https:\/\/www.artspeculation.net\/?page_id=342","title":{"rendered":"Objet inutile"},"content":{"rendered":"\n<div class=\"wp-block-columns\">\n<div class=\"wp-block-column\" style=\"flex-basis:100%\">\n<p>\n\n<div class=\"ngg-galleryoverview ngg-slideshow\"\n\t id=\"ngg-slideshow-63b3a43794934d2d712f9727ca0ef6fa-7852447310\"\n     data-gallery-id=\"63b3a43794934d2d712f9727ca0ef6fa\"\n     style=\"max-width: 800px; max-height: 600px;\">\n\n \t<div id=\"ngg-image-0\" class=\"ngg-gallery-slideshow-image\" style=\"height:600px\">\n\n        <a href=\"https:\/\/www.artspeculation.net\/wp-content\/gallery\/objet-inutile\/objetinutiledetail.jpg\"\n           title=\"2011 - 12 pi\u00e8ces de 8x8x8 cm -  bo\u00eetes en carton peintes, jouets d\\&#039;enfants en puzzle.\"\n           data-src=\"https:\/\/www.artspeculation.net\/wp-content\/gallery\/objet-inutile\/objetinutiledetail.jpg\"\n           data-thumbnail=\"https:\/\/www.artspeculation.net\/wp-content\/gallery\/objet-inutile\/thumbs\/thumbs_objetinutiledetail.jpg\"\n           data-image-id=\"96\"\n           data-title=\"Objet inutile d\u00e9tail1\"\n           data-description=\"2011 - 12 pi\u00e8ces de 8x8x8 cm -  bo\u00eetes en carton peintes, jouets d&#039;enfants en puzzle.\"\n           >\n\n            <img data-image-id='96'\n                 title=\"2011 - 12 pi\u00e8ces de 8x8x8 cm -  bo\u00eetes en carton peintes, jouets d\\&#039;enfants en puzzle.\"\n                 alt=\"Objet inutile d\u00e9tail1\"\n                 src=\"https:\/\/www.artspeculation.net\/wp-content\/gallery\/objet-inutile\/objetinutiledetail.jpg\"\n                 style=\"max-height: 580px;\"\/>\n        <\/a>\n\n        <\/div> \n<div id=\"ngg-image-1\" class=\"ngg-gallery-slideshow-image\" style=\"height:600px\">\n\n        <a href=\"https:\/\/www.artspeculation.net\/wp-content\/gallery\/objet-inutile\/objetinutiledetail2.jpg\"\n           title=\"2011 - 12 pi\u00e8ces de 8x8x8 cm -  bo\u00eetes en carton peintes, jouets d\\&#039;enfants en puzzle.\"\n           data-src=\"https:\/\/www.artspeculation.net\/wp-content\/gallery\/objet-inutile\/objetinutiledetail2.jpg\"\n           data-thumbnail=\"https:\/\/www.artspeculation.net\/wp-content\/gallery\/objet-inutile\/thumbs\/thumbs_objetinutiledetail2.jpg\"\n           data-image-id=\"97\"\n           data-title=\"Objet inutile d\u00e9tail2\"\n           data-description=\"2011 - 12 pi\u00e8ces de 8x8x8 cm -  bo\u00eetes en carton peintes, jouets d&#039;enfants en puzzle.\"\n           >\n\n            <img data-image-id='97'\n                 title=\"2011 - 12 pi\u00e8ces de 8x8x8 cm -  bo\u00eetes en carton peintes, jouets d\\&#039;enfants en puzzle.\"\n                 alt=\"Objet inutile d\u00e9tail2\"\n                 src=\"https:\/\/www.artspeculation.net\/wp-content\/gallery\/objet-inutile\/objetinutiledetail2.jpg\"\n                 style=\"max-height: 580px;\"\/>\n        <\/a>\n\n        <\/div> \n<div id=\"ngg-image-2\" class=\"ngg-gallery-slideshow-image\" style=\"height:600px\">\n\n        <a href=\"https:\/\/www.artspeculation.net\/wp-content\/gallery\/objet-inutile\/objetinutiledetail3.jpg\"\n           title=\"2011 - 12 pi\u00e8ces de 8x8x8 cm -  bo\u00eetes en carton peintes, jouets d\\&#039;enfants en puzzle.\"\n           data-src=\"https:\/\/www.artspeculation.net\/wp-content\/gallery\/objet-inutile\/objetinutiledetail3.jpg\"\n           data-thumbnail=\"https:\/\/www.artspeculation.net\/wp-content\/gallery\/objet-inutile\/thumbs\/thumbs_objetinutiledetail3.jpg\"\n           data-image-id=\"98\"\n           data-title=\"Objet inutile d\u00e9tail3\"\n           data-description=\"2011 - 12 pi\u00e8ces de 8x8x8 cm -  bo\u00eetes en carton peintes, jouets d&#039;enfants en puzzle.\"\n           >\n\n            <img data-image-id='98'\n                 title=\"2011 - 12 pi\u00e8ces de 8x8x8 cm -  bo\u00eetes en carton peintes, jouets d\\&#039;enfants en puzzle.\"\n                 alt=\"Objet inutile d\u00e9tail3\"\n                 src=\"https:\/\/www.artspeculation.net\/wp-content\/gallery\/objet-inutile\/objetinutiledetail3.jpg\"\n                 style=\"max-height: 580px;\"\/>\n        <\/a>\n\n        <\/div> \n<div id=\"ngg-image-3\" class=\"ngg-gallery-slideshow-image\" style=\"height:600px\">\n\n        <a href=\"https:\/\/www.artspeculation.net\/wp-content\/gallery\/objet-inutile\/objetinutile.jpg\"\n           title=\"2011 - 12 pi\u00e8ces de 8x8x8 cm -  bo\u00eetes en carton peintes, jouets d\\&#039;enfants en puzzle.\"\n           data-src=\"https:\/\/www.artspeculation.net\/wp-content\/gallery\/objet-inutile\/objetinutile.jpg\"\n           data-thumbnail=\"https:\/\/www.artspeculation.net\/wp-content\/gallery\/objet-inutile\/thumbs\/thumbs_objetinutile.jpg\"\n           data-image-id=\"110\"\n           data-title=\"Objet inutile\"\n           data-description=\"2011 - 12 pi\u00e8ces de 8x8x8 cm -  bo\u00eetes en carton peintes, jouets d&#039;enfants en puzzle.\"\n           >\n\n            <img data-image-id='110'\n                 title=\"2011 - 12 pi\u00e8ces de 8x8x8 cm -  bo\u00eetes en carton peintes, jouets d\\&#039;enfants en puzzle.\"\n                 alt=\"Objet inutile\"\n                 src=\"https:\/\/www.artspeculation.net\/wp-content\/gallery\/objet-inutile\/objetinutile.jpg\"\n                 style=\"max-height: 580px;\"\/>\n        <\/a>\n\n        <\/div> \n<\/div>\n\n\n\t\t<!-- Thumbnails Link -->\n\t<div class=\"slideshowlink\" style=\"max-width: 800px;\">\n        <a href='https:\/\/www.artspeculation.net\/index.php\/nggallery\/thumbnails?page_id=342'><\/a>\n\t<\/div>\n\n<br><strong>Objet inutile<\/strong> &nbsp;&nbsp;2011 &#8211; 12 pi\u00e8ces de 8x8x8 cm &#8211; bo\u00eetes en carton peintes, jouets d&rsquo;enfants en puzzle.<\/p>\n<p><em>L&rsquo;objet d&rsquo;art est par nature inutile. C&rsquo;est ce qui le diff\u00e9rencie d&rsquo;un objet utile dont la finalit\u00e9 d\u00e9finit la forme. Il s&rsquo;agit ici d&rsquo;une m\u00e9taphore de l\u2019\u0153uvre d&rsquo;art : un jeu pour grands enfants.<\/em><\/p>\n<p>&nbsp;<\/p>\n<p><small>Pour agrandir, cliquez sur l&rsquo;image :<\/small><\/p>\n<p><a class=\"thickbox\" title=\"Objet inutile   2011 - 12 pi\u00e8ces de 8x8x8 cm - bo\u00eetes en carton peintes, jouets d'enfants en puzzle.\" href=\"https:\/\/www.artspeculation.net\/wp-content\/gallery\/objet-inutile\/objetinutile.jpg\" rel=\"\"><img class=\"ngg-singlepic ngg-left\" src=\"https:\/\/www.artspeculation.net\/wp-content\/gallery\/objet-inutile\/thumbs\/thumbs_objetinutile.jpg\" alt=\"Objet inutile\"><\/a><strong>Objet inutile<\/strong> &nbsp;&nbsp; 2011 &#8211; 12 pi\u00e8ces de 8x8x8 cm &#8211; bo\u00eetes en carton peintes, jouets d&rsquo;enfants en puzzle.<\/p>\n<p>&nbsp;<\/p>\n<p><a class=\"thickbox\" title=\"Objet inutile (d\u00e9tail)   2011 - 12 pi\u00e8ces de 8x8x8 cm - bo\u00eetes en carton peintes, jouets d'enfants en puzzle.\" href=\"https:\/\/www.artspeculation.net\/wp-content\/gallery\/objet-inutile\/objetinutiledetail.jpg\" rel=\"\"><img class=\"ngg-singlepic ngg-left\" src=\"https:\/\/www.artspeculation.net\/wp-content\/gallery\/objet-inutile\/thumbs\/thumbs_objetinutiledetail.jpg\" alt=\"Objet inutile d\u00e9tail\"><\/a><strong>Objet inutile<\/strong> d\u00e9tail &nbsp;&nbsp; 2011 &#8211; 12 pi\u00e8ces de 8x8x8 cm &#8211; bo\u00eetes en carton peintes, jouets d&rsquo;enfants en puzzle.<\/p>\n<p>&nbsp;<\/p>\n<p><a class=\"thickbox\" title=\"Objet inutile (d\u00e9tail)  2011 - 12 pi\u00e8ces de 8x8x8 cm - bo\u00eetes en carton peintes, jouets d'enfants en puzzle.\" href=\"https:\/\/www.artspeculation.net\/wp-content\/gallery\/objet-inutile\/objetinutiledetail2.jpg\" rel=\"\"><img class=\"ngg-singlepic ngg-left\" src=\"https:\/\/www.artspeculation.net\/wp-content\/gallery\/objet-inutile\/thumbs\/thumbs_objetinutiledetail2.jpg\" alt=\"Objet inutile d\u00e9tail\"><\/a><strong>Objet inutile<\/strong> d\u00e9tail &nbsp;&nbsp;2011 &#8211; 12 pi\u00e8ces de 8x8x8 cm &#8211; bo\u00eetes en carton peintes, jouets d&rsquo;enfants en puzzle.<\/p>\n<p>&nbsp;<\/p>\n<p><a class=\"thickbox\" title=\"Objet inutile (d\u00e9tail)  2011 - 12 pi\u00e8ces de 8x8x8 cm - bo\u00eetes en carton peintes, jouets d'enfants en puzzle.\" href=\"https:\/\/www.artspeculation.net\/wp-content\/gallery\/objet-inutile\/objetinutiledetail3.jpg\" rel=\"\"><img class=\"ngg-singlepic ngg-left\" src=\"https:\/\/www.artspeculation.net\/wp-content\/gallery\/objet-inutile\/thumbs\/thumbs_objetinutiledetail3.jpg\" alt=\"Objet inutile d\u00e9tail\"><\/a><strong>Objet inutile<\/strong> d\u00e9tail &nbsp;&nbsp;2011 &#8211; 12 pi\u00e8ces de 8x8x8 cm &#8211; bo\u00eetes en carton peintes, jouets d&rsquo;enfants en puzzle.<\/p>\n<p>&nbsp;<\/p>\n<p>&nbsp;<\/p>\n<p><a href=\"https:\/\/www.artspeculation.net\/?page_id=379\"> Retour portofolio<\/a><\/p>\n<\/div>\n<\/div>\n","protected":false},"excerpt":{"rendered":"<p>Objet inutile &nbsp;&nbsp;2011 &#8211; 12 pi\u00e8ces de 8x8x8 cm &#8211; bo\u00eetes en carton peintes, jouets d&rsquo;enfants en puzzle. L&rsquo;objet d&rsquo;art est par nature inutile. C&rsquo;est ce qui le diff\u00e9rencie d&rsquo;un objet utile dont la finalit\u00e9 d\u00e9finit la forme. Il s&rsquo;agit ici d&rsquo;une m\u00e9taphore de l\u2019\u0153uvre d&rsquo;art : un jeu pour grands enfants. &nbsp; Pour agrandir, [&hellip;]<\/p>\n","protected":false},"author":1,"featured_media":0,"parent":379,"menu_order":0,"comment_status":"closed","ping_status":"closed","template":"onecolumn-page.php","meta":{"ngg_post_thumbnail":0},"_links":{"self":[{"href":"https:\/\/www.artspeculation.net\/index.php?rest_route=\/wp\/v2\/pages\/342"}],"collection":[{"href":"https:\/\/www.artspeculation.net\/index.php?rest_route=\/wp\/v2\/pages"}],"about":[{"href":"https:\/\/www.artspeculation.net\/index.php?rest_route=\/wp\/v2\/types\/page"}],"author":[{"embeddable":true,"href":"https:\/\/www.artspeculation.net\/index.php?rest_route=\/wp\/v2\/users\/1"}],"replies":[{"embeddable":true,"href":"https:\/\/www.artspeculation.net\/index.php?rest_route=%2Fwp%2Fv2%2Fcomments&post=342"}],"version-history":[{"count":21,"href":"https:\/\/www.artspeculation.net\/index.php?rest_route=\/wp\/v2\/pages\/342\/revisions"}],"predecessor-version":[{"id":2955,"href":"https:\/\/www.artspeculation.net\/index.php?rest_route=\/wp\/v2\/pages\/342\/revisions\/2955"}],"up":[{"embeddable":true,"href":"https:\/\/www.artspeculation.net\/index.php?rest_route=\/wp\/v2\/pages\/379"}],"wp:attachment":[{"href":"https:\/\/www.artspeculation.net\/index.php?rest_route=%2Fwp%2Fv2%2Fmedia&parent=342"}],"curies":[{"name":"wp","href":"https:\/\/api.w.org\/{rel}","templated":true}]}}