{"id":280,"date":"2012-03-06T14:12:43","date_gmt":"2012-03-06T14:12:43","guid":{"rendered":"http:\/\/www.artspeculation.net\/?page_id=280"},"modified":"2022-04-12T08:04:33","modified_gmt":"2022-04-12T08:04:33","slug":"notreterre","status":"publish","type":"page","link":"https:\/\/www.artspeculation.net\/?page_id=280","title":{"rendered":"Notre terre"},"content":{"rendered":"\n<div class=\"wp-container-1 wp-block-group\"><div class=\"wp-block-group__inner-container\">\n<p>\n\n<div class=\"ngg-galleryoverview ngg-slideshow\"\n\t id=\"ngg-slideshow-1415f94773d31b854fb34f9dbfc8250b-2410475910\"\n     data-gallery-id=\"1415f94773d31b854fb34f9dbfc8250b\"\n     style=\"max-width: 800px; max-height: 600px;\">\n\n \t<div id=\"ngg-image-0\" class=\"ngg-gallery-slideshow-image\" style=\"height:600px\">\n\n        <a href=\"https:\/\/www.artspeculation.net\/wp-content\/gallery\/notreterre\/notreterre.jpg\"\n           title=\"2011 - 202x225cm - toile, cartes g\u00e9ographiques d\u2019atlas du monde, peinture acrylique, cadre de bois peint, filet anti-nuisible plastique.\"\n           data-src=\"https:\/\/www.artspeculation.net\/wp-content\/gallery\/notreterre\/notreterre.jpg\"\n           data-thumbnail=\"https:\/\/www.artspeculation.net\/wp-content\/gallery\/notreterre\/thumbs\/thumbs_notreterre.jpg\"\n           data-image-id=\"80\"\n           data-title=\"notreterre\"\n           data-description=\"2011 - 202x225cm - toile, cartes g\u00e9ographiques d\u2019atlas du monde, peinture acrylique, cadre de bois peint, filet anti-nuisible plastique.\"\n           >\n\n            <img data-image-id='80'\n                 title=\"2011 - 202x225cm - toile, cartes g\u00e9ographiques d\u2019atlas du monde, peinture acrylique, cadre de bois peint, filet anti-nuisible plastique.\"\n                 alt=\"notreterre\"\n                 src=\"https:\/\/www.artspeculation.net\/wp-content\/gallery\/notreterre\/notreterre.jpg\"\n                 style=\"max-height: 580px;\"\/>\n        <\/a>\n\n        <\/div> \n<div id=\"ngg-image-1\" class=\"ngg-gallery-slideshow-image\" style=\"height:600px\">\n\n        <a href=\"https:\/\/www.artspeculation.net\/wp-content\/gallery\/notreterre\/notreterredetail.jpg\"\n           title=\"2011 - 202x225cm - toile, cartes g\u00e9ographiques d\u2019atlas du monde, peinture acrylique, cadre de bois peint, filet anti-nuisible plastique.\"\n           data-src=\"https:\/\/www.artspeculation.net\/wp-content\/gallery\/notreterre\/notreterredetail.jpg\"\n           data-thumbnail=\"https:\/\/www.artspeculation.net\/wp-content\/gallery\/notreterre\/thumbs\/thumbs_notreterredetail.jpg\"\n           data-image-id=\"81\"\n           data-title=\"notreterredetail\"\n           data-description=\"2011 - 202x225cm - toile, cartes g\u00e9ographiques d\u2019atlas du monde, peinture acrylique, cadre de bois peint, filet anti-nuisible plastique.\"\n           >\n\n            <img data-image-id='81'\n                 title=\"2011 - 202x225cm - toile, cartes g\u00e9ographiques d\u2019atlas du monde, peinture acrylique, cadre de bois peint, filet anti-nuisible plastique.\"\n                 alt=\"notreterredetail\"\n                 src=\"https:\/\/www.artspeculation.net\/wp-content\/gallery\/notreterre\/notreterredetail.jpg\"\n                 style=\"max-height: 580px;\"\/>\n        <\/a>\n\n        <\/div> \n<\/div>\n\n\n\t\t<!-- Thumbnails Link -->\n\t<div class=\"slideshowlink\" style=\"max-width: 800px;\">\n        <a href='https:\/\/www.artspeculation.net\/index.php\/nggallery\/thumbnails?page_id=280'><\/a>\n\t<\/div>\n\n<br><strong>Notre terre<\/strong> &nbsp;&nbsp;2011 &#8211; 202&#215;225 cm &#8211; toile, cartes g\u00e9ographiques d\u2019atlas du monde, peinture acrylique, cadre de bois peint, filet anti-nuisible plastique.<br><br><em>Nous vivons dans un monde organis\u00e9 dans lequel les ressources sont quantifiables, les flux sont mesurables, la g\u00e9ographie est fix\u00e9e, les fronti\u00e8res sont dessin\u00e9es. Aujourd\u2019hui, nous pensons qu\u2019il est n\u00e9cessaire de ma\u00eetriser le devenir de l\u2019ensemble des esp\u00e8ces animales et v\u00e9g\u00e9tales, parce que nous nous en sentons responsable. Mais la nature est exub\u00e9rante, complexe, impr\u00e9visible, omnipr\u00e9sente et finalement angoissante.<\/em><br><br><br><small>Pour agrandir, cliquez sur l&rsquo;image :<\/small><br><br><a class=\"thickbox\" title=\"Notre terre   2011 - 202x225 cm - toile, cartes g\u00e9ographiques d\u2019atlas du monde, peinture acrylique, cadre de bois peint, filet anti-nuisible plastique.\" href=\"https:\/\/www.artspeculation.net\/wp-content\/gallery\/notreterre\/notreterreX.jpg\" rel=\"\"><img class=\"ngg-singlepic ngg-left\" src=\"https:\/\/www.artspeculation.net\/wp-content\/gallery\/notreterre\/thumbs\/thumbs_notreterre.jpg\" alt=\"Notre terre \"><\/a><strong>Notre terre <\/strong> &nbsp;&nbsp;2011 &#8211; 202&#215;225 cm &#8211; toile, cartes g\u00e9ographiques d\u2019atlas du monde, peinture acrylique, cadre de bois peint, filet anti-nuisible plastique.<br><br><br><a class=\"thickbox\" title=\"Notre terre (d\u00e9tail)   2011 - 202x225 cm - toile, cartes g\u00e9ographiques d\u2019atlas du monde, peinture acrylique, cadre de bois peint, filet anti-nuisible plastique.\" href=\"https:\/\/www.artspeculation.net\/wp-content\/gallery\/notreterre\/notreterredetail.jpg\" rel=\"\"><img class=\"ngg-singlepic ngg-left\" src=\"https:\/\/www.artspeculation.net\/wp-content\/gallery\/notreterre\/thumbs\/thumbs_notreterredetail.jpg\" alt=\"Notre terre d\u00e9tail\"><\/a><strong>Notre terre<\/strong> d\u00e9tail &nbsp;&nbsp;2011 &#8211; 202&#215;225 cm &#8211; toile, cartes g\u00e9ographiques d\u2019atlas du monde, peinture acrylique, cadre de bois peint, filet anti-nuisible plastique.<br><br><br><br><br><br><br><\/p>\n<p><a href=\"https:\/\/www.artspeculation.net\/?page_id=34\"> Retour portofolio<\/a><\/p>\n<\/div><\/div>\n","protected":false},"excerpt":{"rendered":"<p>Notre terre &nbsp;&nbsp;2011 &#8211; 202&#215;225 cm &#8211; toile, cartes g\u00e9ographiques d\u2019atlas du monde, peinture acrylique, cadre de bois peint, filet anti-nuisible plastique. Nous vivons dans un monde organis\u00e9 dans lequel les ressources sont quantifiables, les flux sont mesurables, la g\u00e9ographie est fix\u00e9e, les fronti\u00e8res sont dessin\u00e9es. Aujourd\u2019hui, nous pensons qu\u2019il est n\u00e9cessaire de ma\u00eetriser le [&hellip;]<\/p>\n","protected":false},"author":1,"featured_media":0,"parent":1339,"menu_order":0,"comment_status":"closed","ping_status":"closed","template":"onecolumn-page.php","meta":{"ngg_post_thumbnail":0},"_links":{"self":[{"href":"https:\/\/www.artspeculation.net\/index.php?rest_route=\/wp\/v2\/pages\/280"}],"collection":[{"href":"https:\/\/www.artspeculation.net\/index.php?rest_route=\/wp\/v2\/pages"}],"about":[{"href":"https:\/\/www.artspeculation.net\/index.php?rest_route=\/wp\/v2\/types\/page"}],"author":[{"embeddable":true,"href":"https:\/\/www.artspeculation.net\/index.php?rest_route=\/wp\/v2\/users\/1"}],"replies":[{"embeddable":true,"href":"https:\/\/www.artspeculation.net\/index.php?rest_route=%2Fwp%2Fv2%2Fcomments&post=280"}],"version-history":[{"count":23,"href":"https:\/\/www.artspeculation.net\/index.php?rest_route=\/wp\/v2\/pages\/280\/revisions"}],"predecessor-version":[{"id":2545,"href":"https:\/\/www.artspeculation.net\/index.php?rest_route=\/wp\/v2\/pages\/280\/revisions\/2545"}],"up":[{"embeddable":true,"href":"https:\/\/www.artspeculation.net\/index.php?rest_route=\/wp\/v2\/pages\/1339"}],"wp:attachment":[{"href":"https:\/\/www.artspeculation.net\/index.php?rest_route=%2Fwp%2Fv2%2Fmedia&parent=280"}],"curies":[{"name":"wp","href":"https:\/\/api.w.org\/{rel}","templated":true}]}}