{"id":2259,"date":"2018-02-05T00:32:11","date_gmt":"2018-02-05T00:32:11","guid":{"rendered":"http:\/\/www.artspeculation.net\/?page_id=2259"},"modified":"2022-04-12T08:22:59","modified_gmt":"2022-04-12T08:22:59","slug":"metamorphoses","status":"publish","type":"page","link":"https:\/\/www.artspeculation.net\/?page_id=2259","title":{"rendered":"M\u00e9tamorphoses"},"content":{"rendered":"\n<div class=\"wp-container-1 wp-block-group\"><div class=\"wp-block-group__inner-container\">\n<p>Installation \u00e0 l\u2019\u00c9cole Nationale Sup\u00e9rieure d&rsquo;Architecture de Normandie \u00e0 Darn\u00e9tal. Vernissage le 12 avril \u00e0 18h. Visible jusqu&rsquo;au 2 juin, aux heures d&rsquo;ouverture de l\u2019\u00e9cole.<\/p>\n<p>Duchamp a interrog\u00e9 les cadres, et d\u00e9montr\u00e9 avec \u00ab Fountain \u00bb la difficult\u00e9 \u00e0 d\u00e9construire les codes, \u00e0 traverser les fronti\u00e8res des repr\u00e9sentations. Cette installation, ces chrysalides, parle de cette transition, du passage d\u2019un \u00e9tat \u00e0 un autre, d\u2019une repr\u00e9sentation \u00e0 une autre, de cette transformation, n\u00e9cessaire et mais difficile, voire douloureuse.<\/p>\n<p><a href=\"https:\/\/www.artspeculation.net\/wp-content\/gallery\/metamorphoses\/metamorphoses0.jpg\"><img loading=\"lazy\" class=\"aligncenter size-large wp-image-1751\" title=\"M\u00e9tamorphoses\" src=\"https:\/\/www.artspeculation.net\/wp-content\/gallery\/metamorphoses\/metamorphoses0.jpg\" alt=\"\" width=\"640\" height=\"480\"><\/a><\/p>\n<p>Il faut apprendre \/ il faut comprendre \/ il faut aimer<br>Il faut juger \/ il faut r\u00eaver \/ il faut cr\u00e9er<br>Il faut se rappeler \/ il faut respecter \/ il faut accepter<br>Il faut oublier \/ il faut transformer \/ et ainsi avancer<\/p>\n<p>&nbsp;<\/p>\n<p>&nbsp;<\/p>\n<p>&nbsp;<\/p>\n<p><a href=\"https:\/\/www.artspeculation.net\/?page_id=34\"> Retour portofolio<\/a><\/p>\n<\/div><\/div>\n","protected":false},"excerpt":{"rendered":"<p>Installation \u00e0 l\u2019\u00c9cole Nationale Sup\u00e9rieure d&rsquo;Architecture de Normandie \u00e0 Darn\u00e9tal. Vernissage le 12 avril \u00e0 18h. Visible jusqu&rsquo;au 2 juin, aux heures d&rsquo;ouverture de l\u2019\u00e9cole. Duchamp a interrog\u00e9 les cadres, et d\u00e9montr\u00e9 avec \u00ab Fountain \u00bb la difficult\u00e9 \u00e0 d\u00e9construire les codes, \u00e0 traverser les fronti\u00e8res des repr\u00e9sentations. Cette installation, ces chrysalides, parle de cette [&hellip;]<\/p>\n","protected":false},"author":1,"featured_media":0,"parent":2299,"menu_order":0,"comment_status":"closed","ping_status":"closed","template":"onecolumn-page.php","meta":{"ngg_post_thumbnail":0},"_links":{"self":[{"href":"https:\/\/www.artspeculation.net\/index.php?rest_route=\/wp\/v2\/pages\/2259"}],"collection":[{"href":"https:\/\/www.artspeculation.net\/index.php?rest_route=\/wp\/v2\/pages"}],"about":[{"href":"https:\/\/www.artspeculation.net\/index.php?rest_route=\/wp\/v2\/types\/page"}],"author":[{"embeddable":true,"href":"https:\/\/www.artspeculation.net\/index.php?rest_route=\/wp\/v2\/users\/1"}],"replies":[{"embeddable":true,"href":"https:\/\/www.artspeculation.net\/index.php?rest_route=%2Fwp%2Fv2%2Fcomments&post=2259"}],"version-history":[{"count":12,"href":"https:\/\/www.artspeculation.net\/index.php?rest_route=\/wp\/v2\/pages\/2259\/revisions"}],"predecessor-version":[{"id":2570,"href":"https:\/\/www.artspeculation.net\/index.php?rest_route=\/wp\/v2\/pages\/2259\/revisions\/2570"}],"up":[{"embeddable":true,"href":"https:\/\/www.artspeculation.net\/index.php?rest_route=\/wp\/v2\/pages\/2299"}],"wp:attachment":[{"href":"https:\/\/www.artspeculation.net\/index.php?rest_route=%2Fwp%2Fv2%2Fmedia&parent=2259"}],"curies":[{"name":"wp","href":"https:\/\/api.w.org\/{rel}","templated":true}]}}