{"id":2189,"date":"2018-02-04T18:07:59","date_gmt":"2018-02-04T18:07:59","guid":{"rendered":"http:\/\/www.artspeculation.net\/?page_id=2189"},"modified":"2022-04-12T21:48:00","modified_gmt":"2022-04-12T21:48:00","slug":"salmo-salar-3894","status":"publish","type":"page","link":"https:\/\/www.artspeculation.net\/?page_id=2189","title":{"rendered":"Salmo salar 3894"},"content":{"rendered":"\n<div class=\"wp-block-columns\">\n<div class=\"wp-block-column\" style=\"flex-basis:100%\">\n<p>\n\n<div class=\"ngg-galleryoverview ngg-slideshow\"\n\t id=\"ngg-slideshow-f8470440d97583e7d39910b5fced7152-6281187800\"\n     data-gallery-id=\"f8470440d97583e7d39910b5fced7152\"\n     style=\"max-width: 800px; max-height: 600px;\">\n\n \t<div id=\"ngg-image-0\" class=\"ngg-gallery-slideshow-image\" style=\"height:600px\">\n\n        <a href=\"https:\/\/www.artspeculation.net\/wp-content\/gallery\/saumon\/saumon.jpg\"\n           title=\"\"\n           data-src=\"https:\/\/www.artspeculation.net\/wp-content\/gallery\/saumon\/saumon.jpg\"\n           data-thumbnail=\"https:\/\/www.artspeculation.net\/wp-content\/gallery\/saumon\/thumbs\/thumbs_saumon.jpg\"\n           data-image-id=\"332\"\n           data-title=\"saumon\"\n           data-description=\"\"\n           >\n\n            <img data-image-id='332'\n                 title=\"\"\n                 alt=\"saumon\"\n                 src=\"https:\/\/www.artspeculation.net\/wp-content\/gallery\/saumon\/saumon.jpg\"\n                 style=\"max-height: 580px;\"\/>\n        <\/a>\n\n        <\/div> \n<div id=\"ngg-image-1\" class=\"ngg-gallery-slideshow-image\" style=\"height:600px\">\n\n        <a href=\"https:\/\/www.artspeculation.net\/wp-content\/gallery\/saumon\/saumon_detail1.jpg\"\n           title=\"\"\n           data-src=\"https:\/\/www.artspeculation.net\/wp-content\/gallery\/saumon\/saumon_detail1.jpg\"\n           data-thumbnail=\"https:\/\/www.artspeculation.net\/wp-content\/gallery\/saumon\/thumbs\/thumbs_saumon_detail1.jpg\"\n           data-image-id=\"333\"\n           data-title=\"saumon_detail1\"\n           data-description=\"\"\n           >\n\n            <img data-image-id='333'\n                 title=\"\"\n                 alt=\"saumon_detail1\"\n                 src=\"https:\/\/www.artspeculation.net\/wp-content\/gallery\/saumon\/saumon_detail1.jpg\"\n                 style=\"max-height: 580px;\"\/>\n        <\/a>\n\n        <\/div> \n<div id=\"ngg-image-2\" class=\"ngg-gallery-slideshow-image\" style=\"height:600px\">\n\n        <a href=\"https:\/\/www.artspeculation.net\/wp-content\/gallery\/saumon\/saumonmhn.jpg\"\n           title=\"\"\n           data-src=\"https:\/\/www.artspeculation.net\/wp-content\/gallery\/saumon\/saumonmhn.jpg\"\n           data-thumbnail=\"https:\/\/www.artspeculation.net\/wp-content\/gallery\/saumon\/thumbs\/thumbs_saumonmhn.jpg\"\n           data-image-id=\"334\"\n           data-title=\"saumonmhn\"\n           data-description=\"\"\n           >\n\n            <img data-image-id='334'\n                 title=\"\"\n                 alt=\"saumonmhn\"\n                 src=\"https:\/\/www.artspeculation.net\/wp-content\/gallery\/saumon\/saumonmhn.jpg\"\n                 style=\"max-height: 580px;\"\/>\n        <\/a>\n\n        <\/div> \n<\/div>\n\n\n\t\t<!-- Thumbnails Link -->\n\t<div class=\"slideshowlink\" style=\"max-width: 800px;\">\n        <a href='https:\/\/www.artspeculation.net\/index.php\/nggallery\/thumbnails?page_id=2189'><\/a>\n\t<\/div>\n\n<br><strong>Salmo salar 3894<\/strong> &nbsp;&nbsp;2017 &#8211; proposition d&rsquo;installation au Mus\u00e9um d&rsquo;Histoire Naturelle de Rouen, 180\u00d760\u00d740 cm &#8211; bagues de capture de saumon atlantique.<br><br><em>Le saumon atlantique, Salmo salar, est une esp\u00e8ce fortement menac\u00e9e de disparition. La sculpture est r\u00e9alis\u00e9e \u00e0 partir de 3894 bagues de capture de p\u00eache, nombre correspondant au quota autoris\u00e9 (TAC) en 1994 en France (ann\u00e9e des bagues qui ont servi \u00e0 la fabrication de la sculpture). Ce quota est deux fois moins \u00e9lev\u00e9 aujourd\u2019hui. En 1850 \u00e0 Rouen, environ 200 familles vivaient de la p\u00eache au saumon dans la Seine. Aujourd\u2019hui l\u2019esp\u00e8ce qui avait disparue de la Seine depuis presque un si\u00e8cle, y est observ\u00e9e \u00e0 nouveau de mani\u00e8re sporadique. Cette \u0153uvre questionne notre rapport contradictoire \u00e0 la nature, entre exploitation et protection.<\/em><br><br><br><small>Pour agrandir, cliquez sur l&rsquo;image :<\/small><br><br><a class=\"thickbox\" title=\"Salmo salar 3894   2017 - proposition d'installation au Mus\u00e9um d'Histoire Naturelle de Rouen, 180\u00d760\u00d740 cm - bagues de capture de saumon atlantique.\" href=\"https:\/\/www.artspeculation.net\/wp-content\/gallery\/saumon\/saumon.jpg\" rel=\"\"><img class=\"ngg-singlepic ngg-left\" src=\"https:\/\/www.artspeculation.net\/wp-content\/gallery\/saumon\/thumbs\/thumbs_saumon.jpg\" alt=\"Salmo salar 3894\"><\/a><strong>Salmo salar 3894<\/strong> &nbsp;&nbsp;2017 &#8211; proposition d&rsquo;installation au Mus\u00e9um d&rsquo;Histoire Naturelle de Rouen, 180\u00d760\u00d740 cm &#8211; bagues de capture de saumon atlantique.<br><br><a class=\"thickbox\" title=\"Salmo salar 3894   2017 - proposition d'installation au Mus\u00e9um d'Histoire Naturelle de Rouen, 180\u00d760\u00d740 cm - bagues de capture de saumon atlantique.\" href=\"https:\/\/www.artspeculation.net\/wp-content\/gallery\/saumon\/saumon_detail1.jpg\" rel=\"\"><img class=\"ngg-singlepic ngg-left\" src=\"https:\/\/www.artspeculation.net\/wp-content\/gallery\/saumon\/thumbs\/thumbs_saumon_detail1.jpg\" alt=\"Salmo salar 3894\"><\/a><strong>Salmo salar 3894<\/strong> &nbsp;&nbsp;2017 &#8211; proposition d&rsquo;installation au Mus\u00e9um d&rsquo;Histoire Naturelle de Rouen, 180\u00d760\u00d740 cm &#8211; bagues de capture de saumon atlantique.<br><br><a class=\"thickbox\" title=\"Salmo salar 3894   2017 - proposition d'installation au Mus\u00e9um d'Histoire Naturelle de Rouen, 180\u00d760\u00d740 cm - bagues de capture de saumon atlantique.\" href=\"https:\/\/www.artspeculation.net\/wp-content\/gallery\/saumon\/saumonmhn.jpg\" rel=\"\"><img class=\"ngg-singlepic ngg-left\" src=\"https:\/\/www.artspeculation.net\/wp-content\/gallery\/saumon\/thumbs\/thumbs_saumonmhn.jpg\" alt=\"Salmo salar 3894\"><\/a><strong>Salmo salar 3894<\/strong> &nbsp;&nbsp;2017 &#8211; proposition d&rsquo;installation au Mus\u00e9um d&rsquo;Histoire Naturelle de Rouen, 180\u00d760\u00d740 cm &#8211; bagues de capture de saumon atlantique.<br><br><\/p>\n<p><br><a href=\"https:\/\/www.artspeculation.net\/?page_id=34\"> Retour portofolio<\/a><\/p>\n<\/div>\n<\/div>\n","protected":false},"excerpt":{"rendered":"<p>Salmo salar 3894 &nbsp;&nbsp;2017 &#8211; proposition d&rsquo;installation au Mus\u00e9um d&rsquo;Histoire Naturelle de Rouen, 180\u00d760\u00d740 cm &#8211; bagues de capture de saumon atlantique. Le saumon atlantique, Salmo salar, est une esp\u00e8ce fortement menac\u00e9e de disparition. La sculpture est r\u00e9alis\u00e9e \u00e0 partir de 3894 bagues de capture de p\u00eache, nombre correspondant au quota autoris\u00e9 (TAC) en 1994 [&hellip;]<\/p>\n","protected":false},"author":1,"featured_media":0,"parent":2186,"menu_order":0,"comment_status":"closed","ping_status":"closed","template":"onecolumn-page.php","meta":{"ngg_post_thumbnail":0},"_links":{"self":[{"href":"https:\/\/www.artspeculation.net\/index.php?rest_route=\/wp\/v2\/pages\/2189"}],"collection":[{"href":"https:\/\/www.artspeculation.net\/index.php?rest_route=\/wp\/v2\/pages"}],"about":[{"href":"https:\/\/www.artspeculation.net\/index.php?rest_route=\/wp\/v2\/types\/page"}],"author":[{"embeddable":true,"href":"https:\/\/www.artspeculation.net\/index.php?rest_route=\/wp\/v2\/users\/1"}],"replies":[{"embeddable":true,"href":"https:\/\/www.artspeculation.net\/index.php?rest_route=%2Fwp%2Fv2%2Fcomments&post=2189"}],"version-history":[{"count":12,"href":"https:\/\/www.artspeculation.net\/index.php?rest_route=\/wp\/v2\/pages\/2189\/revisions"}],"predecessor-version":[{"id":2820,"href":"https:\/\/www.artspeculation.net\/index.php?rest_route=\/wp\/v2\/pages\/2189\/revisions\/2820"}],"up":[{"embeddable":true,"href":"https:\/\/www.artspeculation.net\/index.php?rest_route=\/wp\/v2\/pages\/2186"}],"wp:attachment":[{"href":"https:\/\/www.artspeculation.net\/index.php?rest_route=%2Fwp%2Fv2%2Fmedia&parent=2189"}],"curies":[{"name":"wp","href":"https:\/\/api.w.org\/{rel}","templated":true}]}}