{"id":2172,"date":"2017-06-26T18:44:12","date_gmt":"2017-06-26T18:44:12","guid":{"rendered":"http:\/\/www.artspeculation.net\/?page_id=2172"},"modified":"2022-04-11T21:22:07","modified_gmt":"2022-04-11T21:22:07","slug":"duchamp-dans-sa-ville","status":"publish","type":"page","link":"https:\/\/www.artspeculation.net\/?page_id=2172","title":{"rendered":"Duchamp dans sa ville 2018"},"content":{"rendered":"<p>2018 : cinquantenaire de la mort de Marcel Duchamp<br \/>\nA cette occasion Artsp\u00e9culation propose plusieurs interventions artistiques sur la m\u00e9tropole rouennaise.<\/p>\n<p>Tout le programme visible \u00e0 cette adresse :<br \/>\n<a href=\"http:\/\/www.duchamp-dans-sa-ville.com\"> Duchamp dans sa ville<\/a><\/p>\n<p><strong>Access denied<\/strong><br \/>\nInstallation \u00e0 la Halle aux toiles \u00e0 Rouen. Vernissage le 7 septembre \u00e0 18h.<\/p>\n<p><iframe loading=\"lazy\" title=\"Access denied\" width=\"580\" height=\"326\" src=\"https:\/\/www.youtube.com\/embed\/actYl49fhdU?feature=oembed\" frameborder=\"0\" allow=\"accelerometer; autoplay; clipboard-write; encrypted-media; gyroscope; picture-in-picture\" allowfullscreen><\/iframe><\/p>\n<p>Duchamp a interrog\u00e9 les cadres, et d\u00e9montr\u00e9 avec \u00ab Fountain \u00bb la difficult\u00e9 \u00e0 d\u00e9construire les codes, \u00e0 traverser les fronti\u00e8res des repr\u00e9sentations. Ces installations \u00e9tendent cette remise en question des fronti\u00e8res \u00e0 d&rsquo;autres champs que celui de l&rsquo;art.<\/p>\n<p>Installation en parall\u00e8le de \u00ab\u00a0T\u00e9l\u00e9-r\u00e9alit\u00e9\u00a0\u00bb au mus\u00e9e Abb\u00e9 Pierre d&rsquo;Esteville<\/p>\n<p><a href=\"https:\/\/www.artspeculation.net\/?attachment_id=2294\" rel=\"attachment wp-att-2294\"><img loading=\"lazy\" src=\"https:\/\/www.artspeculation.net\/wp-content\/gallery\/telerealite\/telerealite1.jpg\" alt=\"\" title=\"T\u00e9l\u00e9-r\u00e9alit\u00e9s\" class=\"aligncenter size-large wp-image-2294\" width=\"640\" height=\"480\"><\/a><\/p>\n<p><strong>M\u00e9tamorphoses<\/strong><br \/>\nInstallation \u00e0 l\u2019\u00c9cole Nationale Sup\u00e9rieure d&rsquo;Architecture de Normandie \u00e0 Darn\u00e9tal. Vernissage le 12 avril \u00e0 18h. Visible jusqu&rsquo;au 2 juin, aux heures d&rsquo;ouverture de l\u2019\u00e9cole.<\/p>\n<p>Duchamp a interrog\u00e9 les cadres, et d\u00e9montr\u00e9 avec \u00ab Fountain \u00bb la difficult\u00e9 \u00e0 d\u00e9construire les codes, \u00e0 traverser les fronti\u00e8res des repr\u00e9sentations. Cette installation, ces chrysalides, parle de cette transition, du passage d\u2019un \u00e9tat \u00e0 un autre, d\u2019une repr\u00e9sentation \u00e0 une autre, de cette transformation, n\u00e9cessaire et mais difficile, voire douloureuse.<\/p>\n<p><a href=\"https:\/\/www.artspeculation.net\/?attachment_id=2259\" rel=\"attachment wp-att-2259\"><img loading=\"lazy\" src=\"https:\/\/www.artspeculation.net\/wp-content\/gallery\/metamorphoses\/metamorphoses.jpg\" alt=\"\" title=\"M\u00e9tamorphoses\" class=\"aligncenter size-large wp-image-2259\" width=\"640\" height=\"480\"><\/a><\/p>\n<p>Il faut apprendre  \/  il faut comprendre  \/  il faut aimer<br \/>\nIl faut juger  \/  il faut r\u00eaver  \/  il faut cr\u00e9er<br \/>\nIl faut se rappeler  \/  il faut respecter  \/  il faut accepter<br \/>\nIl faut oublier  \/  il faut transformer  \/  et ainsi avancer<\/p>\n<p><strong>Reproduction interdite<\/strong><br \/>\nExposition collective \u00e0 l&rsquo;H\u00f4tel de Ville de Rouen, <em>Tribute to Marcel Duchamp, hommage au ready maker normand<\/em> du 5 avril au 12 mai 2018<\/p>\n<p><a href=\"https:\/\/www.artspeculation.net\/?attachment_id=2244\"><img loading=\"lazy\" src=\"https:\/\/www.artspeculation.net\/wp-content\/gallery\/copyright\/copyright1.jpg\" alt=\"\" title=\"Reproduction interdite\" class=\"aligncenter size-large wp-image-1751\" width=\"640\" height=\"480\"><\/a><\/p>\n<p><strong>Le bureau des r\u00e9v\u00e9lations<\/strong><br \/>\nPerformance au Mus\u00e9e des Beaux-Arts de Rouen, septembre 2018, autour du reliquaire \u00ab\u00a0L&rsquo;origine de l&rsquo;Art\u00a0\u00bb dans le cadre de l&rsquo;exposition Marcel Duchamp<\/p>\n<p><iframe loading=\"lazy\" title=\"L&#039;origine de l&#039;Art \/ Le bureau des r\u00e9v\u00e9lations\" width=\"580\" height=\"326\" src=\"https:\/\/www.youtube.com\/embed\/2bCQToGGbnA?feature=oembed\" frameborder=\"0\" allow=\"accelerometer; autoplay; clipboard-write; encrypted-media; gyroscope; picture-in-picture\" allowfullscreen><\/iframe><\/p>\n<p><strong>L&rsquo;origine de l&rsquo;Art<\/strong> &nbsp;&nbsp;2017 &#8211; 80\u00d740\u00d750 cm \u2013 pi\u00e8ces de M\u00e9cano, verre teint\u00e9, tesson de c\u00e9ramique (Fountain), dispositif d\u2019\u00e9clairage.<\/p>\n<p><em>Les historiens de l&rsquo;art s&rsquo;accordent \u00e0 reconna\u00eetre que <\/em>Fountain<em> de Duchamp est \u00e0 l&rsquo;origine de l&rsquo;art contemporain. Comme dans les scandales qui ont \u00e9maill\u00e9 l&rsquo;histoire de l&rsquo;art, le mythe a supplant\u00e9 la r\u00e9alit\u00e9 et la disparition de l&rsquo;\u0153uvre ne fait que renforcer cette \u00e9vidence : le ready-made provocateur et disparu a finalement balay\u00e9 le concept de beaut\u00e9 qui s&rsquo;attachait \u00e0 l&rsquo;\u0153uvre d&rsquo;art. Si cette \u0153uvre \u00e9tait retrouv\u00e9e, elle serait envi\u00e9e par tous les mus\u00e9es du monde. Il se trouve qu\u2019aux USA, on laisse penser que certains tessons de l&rsquo;objet d\u00e9truit par m\u00e9garde auraient r\u00e9apparu sur un march\u00e9 parall\u00e8le. L\u2019int\u00e9r\u00eat que l&rsquo;on peut porter \u00e0 de tels restes n&rsquo;est pas d&rsquo;ordre esth\u00e9tique mais historique et leur v\u00e9racit\u00e9 peut facilement \u00eatre mise en doute. Cependant l&rsquo;histoire nous apprend que la fascination pour les reliques est bien r\u00e9elle et c&rsquo;est ce qui nous a inspir\u00e9 cette proposition.<\/em><\/p>\n<p><a href=\"https:\/\/www.artspeculation.net\/?attachment_id=2229\"><img loading=\"lazy\" src=\"https:\/\/www.artspeculation.net\/wp-content\/gallery\/reliquaire\/reliquaire1.jpg\" alt=\"\" title=\"L'origine de l'Art\" class=\"aligncenter size-large wp-image-1751\" width=\"640\" height=\"480\"><\/a><\/p>\n<p><a href=\"https:\/\/www.artspeculation.net\/?attachment_id=2229\"><img loading=\"lazy\" src=\"https:\/\/www.artspeculation.net\/wp-content\/gallery\/reliquaire\/reliquaire2.jpg\" alt=\"\" title=\"L'origine de l'Art\" class=\"aligncenter size-large wp-image-1751\" width=\"640\" height=\"480\"><\/a><\/p>\n<p><a href=\"https:\/\/www.artspeculation.net\/?attachment_id=2229\"><img src=\"https:\/\/www.artspeculation.net\/wp-content\/gallery\/reliquaire\/reliquaire_detail.jpg\" alt=\"\" title=\"L'origine de l'Art\" class=\"aligncenter\" height=\"649\"><\/a><\/p>\n","protected":false},"excerpt":{"rendered":"<p>2018 : cinquantenaire de la mort de Marcel Duchamp A cette occasion Artsp\u00e9culation propose plusieurs interventions artistiques sur la m\u00e9tropole rouennaise. Tout le programme visible \u00e0 cette adresse : Duchamp dans sa ville Access denied Installation \u00e0 la Halle aux toiles \u00e0 Rouen. Vernissage le 7 septembre \u00e0 18h. Duchamp a interrog\u00e9 les cadres, et [&hellip;]<\/p>\n","protected":false},"author":1,"featured_media":0,"parent":1992,"menu_order":1,"comment_status":"closed","ping_status":"closed","template":"onecolumn-page.php","meta":{"ngg_post_thumbnail":0},"_links":{"self":[{"href":"https:\/\/www.artspeculation.net\/index.php?rest_route=\/wp\/v2\/pages\/2172"}],"collection":[{"href":"https:\/\/www.artspeculation.net\/index.php?rest_route=\/wp\/v2\/pages"}],"about":[{"href":"https:\/\/www.artspeculation.net\/index.php?rest_route=\/wp\/v2\/types\/page"}],"author":[{"embeddable":true,"href":"https:\/\/www.artspeculation.net\/index.php?rest_route=\/wp\/v2\/users\/1"}],"replies":[{"embeddable":true,"href":"https:\/\/www.artspeculation.net\/index.php?rest_route=%2Fwp%2Fv2%2Fcomments&post=2172"}],"version-history":[{"count":34,"href":"https:\/\/www.artspeculation.net\/index.php?rest_route=\/wp\/v2\/pages\/2172\/revisions"}],"predecessor-version":[{"id":2484,"href":"https:\/\/www.artspeculation.net\/index.php?rest_route=\/wp\/v2\/pages\/2172\/revisions\/2484"}],"up":[{"embeddable":true,"href":"https:\/\/www.artspeculation.net\/index.php?rest_route=\/wp\/v2\/pages\/1992"}],"wp:attachment":[{"href":"https:\/\/www.artspeculation.net\/index.php?rest_route=%2Fwp%2Fv2%2Fmedia&parent=2172"}],"curies":[{"name":"wp","href":"https:\/\/api.w.org\/{rel}","templated":true}]}}