{"id":2120,"date":"2016-12-28T20:46:38","date_gmt":"2016-12-28T20:46:38","guid":{"rendered":"http:\/\/www.artspeculation.net\/?page_id=2120"},"modified":"2022-04-12T21:54:49","modified_gmt":"2022-04-12T21:54:49","slug":"money-saves-us","status":"publish","type":"page","link":"https:\/\/www.artspeculation.net\/?page_id=2120","title":{"rendered":"MONEY SAVES US"},"content":{"rendered":"\n<div class=\"wp-block-columns\">\n<div class=\"wp-block-column\" style=\"flex-basis:100%\">\n<p>\n\n<div class=\"ngg-galleryoverview ngg-slideshow\"\n\t id=\"ngg-slideshow-720489b2dfbc13b90b48b6222eb84173-17429782910\"\n     data-gallery-id=\"720489b2dfbc13b90b48b6222eb84173\"\n     style=\"max-width: 800px; max-height: 600px;\">\n\n \t<div id=\"ngg-image-0\" class=\"ngg-gallery-slideshow-image\" style=\"height:600px\">\n\n        <a href=\"https:\/\/www.artspeculation.net\/wp-content\/gallery\/money\/money.jpg\"\n           title=\"\"\n           data-src=\"https:\/\/www.artspeculation.net\/wp-content\/gallery\/money\/money.jpg\"\n           data-thumbnail=\"https:\/\/www.artspeculation.net\/wp-content\/gallery\/money\/thumbs\/thumbs_money.jpg\"\n           data-image-id=\"315\"\n           data-title=\"money\"\n           data-description=\"\"\n           >\n\n            <img data-image-id='315'\n                 title=\"\"\n                 alt=\"money\"\n                 src=\"https:\/\/www.artspeculation.net\/wp-content\/gallery\/money\/money.jpg\"\n                 style=\"max-height: 580px;\"\/>\n        <\/a>\n\n        <\/div> \n<\/div>\n\n\n\t\t<!-- Thumbnails Link -->\n\t<div class=\"slideshowlink\" style=\"max-width: 800px;\">\n        <a href='https:\/\/www.artspeculation.net\/index.php\/nggallery\/thumbnails?page_id=2120'><\/a>\n\t<\/div>\n\n<br><strong>MONEY SAVES US<\/strong> &nbsp;&nbsp;2016 &#8211; 90\u00d771 cm &#8211; papier kraft, peinture acrylique, cadre argent\u00e9.<br><br><br><br><small>Pour agrandir, cliquez sur l&rsquo;image :<\/small><br><br><a class=\"thickbox\" title=\"MONEY SAVES US   2016 - 90\u00d771 cm - papier kraft, peinture acrylique, cadre argent\u00e9.\" href=\"https:\/\/www.artspeculation.net\/wp-content\/gallery\/money\/money.jpg\" rel=\"\"><img class=\"ngg-singlepic ngg-left\" src=\"https:\/\/www.artspeculation.net\/wp-content\/gallery\/money\/thumbs\/thumbs_money.jpg\" alt=\"MONEY SAVES US\"><\/a><strong>MONEY SAVES US<\/strong> &nbsp;&nbsp;2016 &#8211; 90\u00d771 cm &#8211; papier kraft, peinture acrylique, cadre argent\u00e9.<br><br><br><br><\/p>\n<p><a href=\"https:\/\/www.artspeculation.net\/?page_id=34\"> Retour portofolio<\/a><\/p>\n<\/div>\n<\/div>\n","protected":false},"excerpt":{"rendered":"<p>MONEY SAVES US &nbsp;&nbsp;2016 &#8211; 90\u00d771 cm &#8211; papier kraft, peinture acrylique, cadre argent\u00e9. Pour agrandir, cliquez sur l&rsquo;image : MONEY SAVES US &nbsp;&nbsp;2016 &#8211; 90\u00d771 cm &#8211; papier kraft, peinture acrylique, cadre argent\u00e9. Retour portofolio<\/p>\n","protected":false},"author":1,"featured_media":0,"parent":2082,"menu_order":0,"comment_status":"closed","ping_status":"closed","template":"onecolumn-page.php","meta":{"ngg_post_thumbnail":0},"_links":{"self":[{"href":"https:\/\/www.artspeculation.net\/index.php?rest_route=\/wp\/v2\/pages\/2120"}],"collection":[{"href":"https:\/\/www.artspeculation.net\/index.php?rest_route=\/wp\/v2\/pages"}],"about":[{"href":"https:\/\/www.artspeculation.net\/index.php?rest_route=\/wp\/v2\/types\/page"}],"author":[{"embeddable":true,"href":"https:\/\/www.artspeculation.net\/index.php?rest_route=\/wp\/v2\/users\/1"}],"replies":[{"embeddable":true,"href":"https:\/\/www.artspeculation.net\/index.php?rest_route=%2Fwp%2Fv2%2Fcomments&post=2120"}],"version-history":[{"count":9,"href":"https:\/\/www.artspeculation.net\/index.php?rest_route=\/wp\/v2\/pages\/2120\/revisions"}],"predecessor-version":[{"id":2838,"href":"https:\/\/www.artspeculation.net\/index.php?rest_route=\/wp\/v2\/pages\/2120\/revisions\/2838"}],"up":[{"embeddable":true,"href":"https:\/\/www.artspeculation.net\/index.php?rest_route=\/wp\/v2\/pages\/2082"}],"wp:attachment":[{"href":"https:\/\/www.artspeculation.net\/index.php?rest_route=%2Fwp%2Fv2%2Fmedia&parent=2120"}],"curies":[{"name":"wp","href":"https:\/\/api.w.org\/{rel}","templated":true}]}}