{"id":1838,"date":"2015-09-20T16:06:55","date_gmt":"2015-09-20T16:06:55","guid":{"rendered":"http:\/\/www.artspeculation.net\/?page_id=1838"},"modified":"2022-04-12T22:06:51","modified_gmt":"2022-04-12T22:06:51","slug":"koh-lanta","status":"publish","type":"page","link":"https:\/\/www.artspeculation.net\/?page_id=1838","title":{"rendered":"Koh-Lanta"},"content":{"rendered":"\n<div class=\"wp-block-columns\">\n<div class=\"wp-block-column\" style=\"flex-basis:100%\">\n<p>\n\n<div class=\"ngg-galleryoverview ngg-slideshow\"\n\t id=\"ngg-slideshow-dd11537ad900e8605f9aa2aa60bf9a92-8023352550\"\n     data-gallery-id=\"dd11537ad900e8605f9aa2aa60bf9a92\"\n     style=\"max-width: 800px; max-height: 600px;\">\n\n \t<div id=\"ngg-image-0\" class=\"ngg-gallery-slideshow-image\" style=\"height:600px\">\n\n        <a href=\"https:\/\/www.artspeculation.net\/wp-content\/gallery\/kohlanta\/kohlanta2.jpg\"\n           title=\"\"\n           data-src=\"https:\/\/www.artspeculation.net\/wp-content\/gallery\/kohlanta\/kohlanta2.jpg\"\n           data-thumbnail=\"https:\/\/www.artspeculation.net\/wp-content\/gallery\/kohlanta\/thumbs\/thumbs_kohlanta2.jpg\"\n           data-image-id=\"265\"\n           data-title=\"kohlanta2\"\n           data-description=\"\"\n           >\n\n            <img data-image-id='265'\n                 title=\"\"\n                 alt=\"kohlanta2\"\n                 src=\"https:\/\/www.artspeculation.net\/wp-content\/gallery\/kohlanta\/kohlanta2.jpg\"\n                 style=\"max-height: 580px;\"\/>\n        <\/a>\n\n        <\/div> \n<div id=\"ngg-image-1\" class=\"ngg-gallery-slideshow-image\" style=\"height:600px\">\n\n        <a href=\"https:\/\/www.artspeculation.net\/wp-content\/gallery\/kohlanta\/kohlanta3.jpg\"\n           title=\"\"\n           data-src=\"https:\/\/www.artspeculation.net\/wp-content\/gallery\/kohlanta\/kohlanta3.jpg\"\n           data-thumbnail=\"https:\/\/www.artspeculation.net\/wp-content\/gallery\/kohlanta\/thumbs\/thumbs_kohlanta3.jpg\"\n           data-image-id=\"266\"\n           data-title=\"kohlanta3\"\n           data-description=\"\"\n           >\n\n            <img data-image-id='266'\n                 title=\"\"\n                 alt=\"kohlanta3\"\n                 src=\"https:\/\/www.artspeculation.net\/wp-content\/gallery\/kohlanta\/kohlanta3.jpg\"\n                 style=\"max-height: 580px;\"\/>\n        <\/a>\n\n        <\/div> \n<div id=\"ngg-image-2\" class=\"ngg-gallery-slideshow-image\" style=\"height:600px\">\n\n        <a href=\"https:\/\/www.artspeculation.net\/wp-content\/gallery\/kohlanta\/kohlanta1.jpg\"\n           title=\"\"\n           data-src=\"https:\/\/www.artspeculation.net\/wp-content\/gallery\/kohlanta\/kohlanta1.jpg\"\n           data-thumbnail=\"https:\/\/www.artspeculation.net\/wp-content\/gallery\/kohlanta\/thumbs\/thumbs_kohlanta1.jpg\"\n           data-image-id=\"264\"\n           data-title=\"kohlanta1\"\n           data-description=\"\"\n           >\n\n            <img data-image-id='264'\n                 title=\"\"\n                 alt=\"kohlanta1\"\n                 src=\"https:\/\/www.artspeculation.net\/wp-content\/gallery\/kohlanta\/kohlanta1.jpg\"\n                 style=\"max-height: 580px;\"\/>\n        <\/a>\n\n        <\/div> \n<\/div>\n\n\n\t\t<!-- Thumbnails Link -->\n\t<div class=\"slideshowlink\" style=\"max-width: 800px;\">\n        <a href='https:\/\/www.artspeculation.net\/index.php\/nggallery\/thumbnails?page_id=1838'><\/a>\n\t<\/div>\n\n<br><strong>Koh-Lanta<\/strong> &nbsp;&nbsp;2015 &#8211; installation, 220\u00d7140 cm &#8211; couverture de survie, mannequins de papier kraft et adh\u00e9sif d&#8217;emballage, objets de bois et plastique (fruits divers).<\/p>\n<p><em>Koh-lanta ! Une \u00eele lointaine, un jeu t\u00e9l\u00e9vis\u00e9 qui nous passionne, des aventuriers que l&rsquo;on admire, des h\u00e9ros qui rel\u00e8vent d&rsquo;incroyables d\u00e9fis.<br>Lampedusa ! Encore une \u00eele, trop proche, encore des d\u00e9fis \u00e0 surmonter, encore de la t\u00e9l\u00e9vision, mais au terme de l&rsquo;aventure il y a de vraies morts, beaucoup de morts, beaucoup trop de morts. Une histoire que l&rsquo;on ne veut pas conna\u00eetre, des h\u00e9ros dont on se passerait volontiers. Il suffit de changer de cha\u00eene.<br>La fiction est bien plus rassurante, appelons l\u00e0 r\u00e9alit\u00e9, t\u00e9l\u00e9-r\u00e9alit\u00e9.<\/em><\/p>\n<p>&nbsp;<\/p>\n<p><small>Pour agrandir, cliquez sur l&rsquo;image :<\/small><\/p>\n<p><a class=\"thickbox\" title=\"Koh-Lanta   2015 - installation, 220\u00d7140 cm - couverture de survie, mannequins de papier kraft et adh\u00e9sif d'emballage, objets de bois et plastique (fruits divers).\" href=\"https:\/\/www.artspeculation.net\/wp-content\/gallery\/kohlanta\/kohlanta2.jpg\" rel=\"\"><img class=\"ngg-singlepic ngg-left\" src=\"https:\/\/www.artspeculation.net\/wp-content\/gallery\/kohlanta\/thumbs\/thumbs_kohlanta2.jpg\" alt=\"Koh-Lanta\"><\/a><strong>Koh-Lanta<\/strong> &nbsp;&nbsp;2015 &#8211; installation, 220\u00d7140 cm &#8211; couverture de survie, mannequins de papier kraft et adh\u00e9sif d&#8217;emballage, objets de bois et plastique (fruits divers).<\/p>\n<p>&nbsp;<\/p>\n<p><a class=\"thickbox\" title=\"Koh-Lanta   2015 - installation, 220\u00d7140 cm - couverture de survie, mannequins de papier kraft et adh\u00e9sif d'emballage, objets de bois et plastique (fruits divers).\" href=\"https:\/\/www.artspeculation.net\/wp-content\/gallery\/kohlanta\/kohlanta3.jpg\" rel=\"\"><img class=\"ngg-singlepic ngg-left\" src=\"https:\/\/www.artspeculation.net\/wp-content\/gallery\/kohlanta\/thumbs\/thumbs_kohlanta3.jpg\" alt=\"Koh-Lanta\"><\/a><strong>Koh-Lanta<\/strong> &nbsp;&nbsp;2015 &#8211; installation, 220\u00d7140 cm &#8211; couverture de survie, mannequins de papier kraft et adh\u00e9sif d&#8217;emballage, objets de bois et plastique (fruits divers).<\/p>\n<p>&nbsp;<\/p>\n<p><a class=\"thickbox\" title=\"Koh-Lanta   2015 - installation, 220\u00d7140 cm - couverture de survie, mannequins de papier kraft et adh\u00e9sif d'emballage, objets de bois et plastique (fruits divers).\" href=\"https:\/\/www.artspeculation.net\/wp-content\/gallery\/kohlanta\/kohlanta1.jpg\" rel=\"\"><img class=\"ngg-singlepic ngg-left\" src=\"https:\/\/www.artspeculation.net\/wp-content\/gallery\/kohlanta\/thumbs\/thumbs_kohlanta1.jpg\" alt=\"Koh-Lanta\"><\/a><strong>Koh-Lanta<\/strong> &nbsp;&nbsp;2015 &#8211; installation, 220\u00d7140 cm &#8211; couverture de survie, mannequins de papier kraft et adh\u00e9sif d&#8217;emballage, objets de bois et plastique (fruits divers).<\/p>\n<p>&nbsp;<\/p>\n<p>&nbsp;<\/p>\n<p><a href=\"https:\/\/www.artspeculation.net\/?page_id=34\"> Retour portofolio<\/a><\/p>\n<\/div>\n<\/div>\n","protected":false},"excerpt":{"rendered":"<p>Koh-Lanta &nbsp;&nbsp;2015 &#8211; installation, 220\u00d7140 cm &#8211; couverture de survie, mannequins de papier kraft et adh\u00e9sif d&#8217;emballage, objets de bois et plastique (fruits divers). Koh-lanta ! Une \u00eele lointaine, un jeu t\u00e9l\u00e9vis\u00e9 qui nous passionne, des aventuriers que l&rsquo;on admire, des h\u00e9ros qui rel\u00e8vent d&rsquo;incroyables d\u00e9fis.Lampedusa ! Encore une \u00eele, trop proche, encore des d\u00e9fis [&hellip;]<\/p>\n","protected":false},"author":1,"featured_media":0,"parent":379,"menu_order":0,"comment_status":"closed","ping_status":"closed","template":"onecolumn-page.php","meta":{"ngg_post_thumbnail":0},"_links":{"self":[{"href":"https:\/\/www.artspeculation.net\/index.php?rest_route=\/wp\/v2\/pages\/1838"}],"collection":[{"href":"https:\/\/www.artspeculation.net\/index.php?rest_route=\/wp\/v2\/pages"}],"about":[{"href":"https:\/\/www.artspeculation.net\/index.php?rest_route=\/wp\/v2\/types\/page"}],"author":[{"embeddable":true,"href":"https:\/\/www.artspeculation.net\/index.php?rest_route=\/wp\/v2\/users\/1"}],"replies":[{"embeddable":true,"href":"https:\/\/www.artspeculation.net\/index.php?rest_route=%2Fwp%2Fv2%2Fcomments&post=1838"}],"version-history":[{"count":15,"href":"https:\/\/www.artspeculation.net\/index.php?rest_route=\/wp\/v2\/pages\/1838\/revisions"}],"predecessor-version":[{"id":2881,"href":"https:\/\/www.artspeculation.net\/index.php?rest_route=\/wp\/v2\/pages\/1838\/revisions\/2881"}],"up":[{"embeddable":true,"href":"https:\/\/www.artspeculation.net\/index.php?rest_route=\/wp\/v2\/pages\/379"}],"wp:attachment":[{"href":"https:\/\/www.artspeculation.net\/index.php?rest_route=%2Fwp%2Fv2%2Fmedia&parent=1838"}],"curies":[{"name":"wp","href":"https:\/\/api.w.org\/{rel}","templated":true}]}}