{"id":1511,"date":"2014-07-15T17:34:02","date_gmt":"2014-07-15T17:34:02","guid":{"rendered":"http:\/\/www.artspeculation.net\/?page_id=1511"},"modified":"2023-07-12T08:45:48","modified_gmt":"2023-07-12T08:45:48","slug":"le-grand-jeu","status":"publish","type":"page","link":"https:\/\/www.artspeculation.net\/?page_id=1511","title":{"rendered":"Le grand jeu"},"content":{"rendered":"<p>par le collectif ARTSPECULATION (installations, dessins)<\/p>\n<p>du 18 ao\u00fbt au 15 septembre<br>\u00e0 la galerie Hors Les Murs &#8211; espace mutualis\u00e9 de Marseilleexpos<br>20 Rue Saint-Antoine, 13002 Marseille<\/p>\n<p><em>Dans un univers qui le d\u00e9passe, l&rsquo;homme construit sa r\u00e9alit\u00e9 et il veut y croire. Ce que nous appelons \u00ab\u00a0jeu\u00a0\u00bb correspond peut-\u00eatre finalement \u00e0 une n\u00e9cessit\u00e9 humaine essentielle, celle de se cr\u00e9er une r\u00e9alit\u00e9 ma\u00eetris\u00e9e ? <\/em><\/p>\n<p><a title=\"\" href=\"https:\/\/www.artspeculation.net\/wp-content\/gallery\/time-machine\/timemachine.jpg\"><img class=\"ngg-singlepic ngg-none\" src=\"https:\/\/www.artspeculation.net\/wp-content\/gallery\/time-machine\/timemachine.jpg\" alt=\"timemachine (d\u00e9tail)\"><\/a><\/p>\n<p><strong>Time machine<\/strong> (d\u00e9tail) 2014 &#8211; Le triomphe des conservateurs &#8211; puzzle environ 35000 pi\u00e8ces, bocaux et cong\u00e9lateur.<\/p>\n<p><strong>Vernissage <\/strong>mercredi 27 ao\u00fbt de 16h \u00e0 22h, avec une performance \u00e0 20h de <strong>Fa Cesario<\/strong> et <strong>Sel Lenoir<\/strong> (synth\u00e9tiseur modulaire et voix augment\u00e9e) :<\/p>\n<p><a title=\"\" href=\"https:\/\/www.artspeculation.net\/wp-content\/gallery\/legrandjeu\/imnothereanymore.png\"><img class=\"aligncenter\" src=\"https:\/\/www.artspeculation.net\/wp-content\/gallery\/legrandjeu\/imnothereanymore.png\" alt=\"i m not here anymore\" height=\"40\"><\/a><\/p>\n<p>\u00ab\u00a0I&rsquo;m not here anymore\u00a0\u00bb <em>est une plateforme contemporaine de cr\u00e9ation, de recherche et de r\u00e9flexion rhizomique multi format utilisant l\u2019\u00e9criture, le th\u00e9\u00e2tre, la danse, la musique, la performance, les arts plastiques et la vid\u00e9o.<br>\u00ab I\u2019m not here anymore \u00bb, toujours en mouvement, en d\u00e9compostion-recomposition, suivant une structure \u00e0 chaque fois diff\u00e9rente, est \u00e0 l&rsquo;image de la d\u00e9marche de leurs interpr\u00e8tes ; en constante transformation et ne pouvant se limiter \u00e0 un seul m\u00e9dia. Ils ont donc recourt \u00e0 l&rsquo;\u00e9criture, la danse, le th\u00e9\u00e2tre, la musique, les arts plastiques et la vid\u00e9o d&rsquo;une mani\u00e8re singuli\u00e8re et contemporaine.<br>Pr\u00e9sent\u00e9 ici sous sa forme performative musicale \u00e0 l&rsquo;occasion de sa pr\u00e9sentation \u00e0 HLM pour une collaboration avec le collectif <\/em>artspeculation<em>, \u00ab I\u2019m not here anymore \u00bb utilisera un jeu double de t\u00e9traktis matriciels comme partition graphique.<\/em><br><a href=\"https:\/\/soundcloud.com\/r-m-75\"> https:\/\/soundcloud.com\/r-m-75 <\/a><\/p>\n<p>Exposition ouverte du 18 ao\u00fbt au 15 septembre du jeudi au samedi, de 16h \u00e0 19h.<br>Et sur rdv, t\u00e9l\u00e9phoner au +33 (0)6 78 71 62 29<\/p>\n<p><strong>Soir\u00e9e sp\u00e9ciale<\/strong> <a href=\"http:\/\/www.marseilleexpos.com\/?p=28697\"> \u00ab Nuit des galeries \u00bb<\/a> samedi 30 ao\u00fbt de 16h \u00e0 22h dans le cadre de la foire <a href=\"http:\/\/www.art-o-rama.fr\"> Art-O-Rama<\/a>.<\/p>\n<p><strong>Soir\u00e9e de cl\u00f4ture<\/strong> le 13 septembre, performance de Fa C\u00e9sario \u00e0 20h.<\/p>\n<p>O\u00d9 en tourn\u00e9e \u00e0 HLM Marseille, espace mutualis\u00e9<br>20 Rue Saint-Antoine, 13002 Marseille<\/p>\n<p><a href=\"http:\/\/www.ou-marseille.com\"> O\u00d9 lieu d&rsquo;exposition pour l&rsquo;art actuel<\/a> pr\u00e9sente dans le cadre de la foire Art-O-Rama et du Salon du Dessin Pareidolie, l\u2019exposition <strong>Le Grand Jeu<\/strong> du collectif <em>artspeculation<\/em>.<\/p>\n<p><strong>LE GRAND JEU<\/strong><br><strong>Exposition \u00e0 HLM Marseille du 18 ao\u00fbt au 15 septembre 2014.<\/strong><\/p>\n<p><em>artspeculation <\/em>y pr\u00e9sentera un ensemble d\u2019une dizaine de pi\u00e8ces qui interrogent la place de l\u2019homme face \u00e0 l\u2019univers : comme l\u2019univers le d\u00e9passe, l&rsquo;homme construit sa r\u00e9alit\u00e9 et il veut y croire. Ce que nous appelons \u00ab\u00a0jeu\u00a0\u00bb et consid\u00e9rons souvent propre \u00e0 l&rsquo;enfant, correspond peut-\u00eatre finalement \u00e0 une disposition humaine essentielle, celle de se cr\u00e9er une r\u00e9alit\u00e9 ma\u00eetris\u00e9e ? A la fois solution (elle permet de vivre en ensemble, de fuir nos angoisses ou une r\u00e9alit\u00e9 d\u00e9plaisante), et probl\u00e8me (elle s\u2019oppose au changement, clive l\u2019humanit\u00e9).<\/p>\n<p>Le pari de Pascal<br>Le jeu n\u2019est-il pas en train de prendre une place centrale dans nos comportements actuels ?<br>Que ce soit la loterie, les jeux d\u2019argent, les jeux en r\u00e9seau, les jeux de soci\u00e9t\u00e9, le sport, les jeux t\u00e9l\u00e9vis\u00e9s, le jeu est omnipr\u00e9sent. Les m\u00e9dia leurs donnent une place centrale, bien plus qu\u2019aux r\u00e9alisations et r\u00e9ussites relevant de l\u2019intelligence ou de la cr\u00e9ation.<br>Cela rappelle la p\u00e9riode pr\u00e9-r\u00e9volutionnaire o\u00f9 la noblesse passait son temps \u00e0 jouer.<br>Aujourd\u2019hui m\u00eame les institutions jouent, sp\u00e9culent. Pour le peuple, il reste l\u2019illusion de la loterie. La r\u00e9ussite sociale semblant d\u00e9pendre plus du hasard et de l\u2019h\u00e9ritage que des comp\u00e9tences et connaissances.<br>Le jeu est-il autre chose que la capacit\u00e9 \u00e0 cr\u00e9er un univers, une \u00ab autre \u00bb r\u00e9alit\u00e9, et de vivre \u00e0 l\u2019int\u00e9rieur ? Les enfants jouent avec beaucoup de s\u00e9rieux. Ils croient \u00e0 leur cr\u00e9ation. Pas question de mettre en doute le monde qu\u2019ils se sont construit. Les artistes, les philosophes, les scientifiques sont-ils autre chose que de grands enfants ? Les sp\u00e9culations intellectuelles sont comme les jeux, gratuites, et n\u2019ont pas d\u2019autres finalit\u00e9s que de satisfaire l\u2019esprit ; les th\u00e9ories \u00e9tablies sont finalement toujours remisent en cause. Mais ces paris, paris sur le sens, paris sur la v\u00e9rit\u00e9, m\u00eame si avec le temps se r\u00e9v\u00e8lent toujours perdant, permettent de donner corps \u00e0 cette r\u00e9alit\u00e9 que l\u2019on comprend, que l\u2019on ma\u00eetrise, qui est rassurante.<br>Qu\u2019est-ce qui diff\u00e9rencie le jeu de la r\u00e9alit\u00e9 ? Nous jouons dans la soci\u00e9t\u00e9 un r\u00f4le qui nous est largement assign\u00e9. Nous continuons \u00e0 jouer, \u00e0 sp\u00e9culer intellectuellement sur le monde, sur nous m\u00eame, sur la soci\u00e9t\u00e9, et nous le faisons avec tout le s\u00e9rieux que requiert cette t\u00e2che, ce jeu. Est-ce que la r\u00e9alit\u00e9 est autre chose que l\u2019illusion la plus partag\u00e9e, que le jeu regroupant le plus grand nombre de joueurs ?<br>Dans l\u2019inconfort de notre position, entre l\u2019infiniment grand et l\u2019infiniment petit, l\u2019angoisse de l\u2019inconnu et de ce que l\u2019on ne peut ma\u00eetriser, ou comprendre, on veut se persuader que la vie, et la mort, ont un sens.<br>Pascal a voulu trancher le d\u00e9bat du sens en l\u2019assimilant \u00e0 un jeu : parions que Dieu existe, nous n\u2019avons que des avantages \u00e0 le croire. Si depuis Dieu est mort, quelques si\u00e8cles plus tard l\u2019id\u00e9e du jeu, et des paris qu\u2019il implique, nous semble toujours d\u2019actualit\u00e9.<br>Sur quelle r\u00e9alit\u00e9 parions-nous ?<\/p>\n<p>Le Grand Jeu de <em>artspeculation<\/em>.<br>Le jeu, notre Grand Jeu, rel\u00e8ve d\u2019un grand pari. Pari sur le sens, de la vie, de l\u2019histoire, \u2026 ; sur le sens de l\u2019humanit\u00e9, sur le sens pour l\u2019humanit\u00e9. Ce pari nous le faisons tous, individuellement et collectivement, consciemment ou inconsciemment.<br>Le Grand Jeu est con\u00e7u comme un parcours-installation dans lequel les diff\u00e9rentes propositions se r\u00e9pondent, m\u00e9langeant les sens et les points de vue sur un m\u00eame sujet. La narration qui se d\u00e9ploie est celle de l\u2019absurdit\u00e9, de la complexit\u00e9, de l\u2019humanit\u00e9, loin de toute consid\u00e9ration morale et loin de la simplification dialectique et du pessimisme nihiliste.<\/p>\n<p><em><strong>artspeculation<\/strong><\/em><br><em>artspeculation<\/em>, collectif artistique fond\u00e9 en 2010, s\u2019int\u00e9resse aux ph\u00e9nom\u00e8nes r\u00e9sultants de l\u2019ambition permanente de l\u2019homme de vouloir simplifier, organiser, saisir son environnement, au sein d\u2019un univers naturel et culturel qui se r\u00e9v\u00e8le terriblement complexe. L\u2019incapacit\u00e9 de r\u00e9solution de cette complexit\u00e9 se traduit notamment en paradoxes, contradictions, d\u00e9nis, absurdit\u00e9s. L\u2019art les rend audibles, et, sans chercher \u00e0 les r\u00e9soudre, permet de les donner \u00e0 voir, de les partager, de les interroger. L\u2019\u00e9motion esth\u00e9tique rend disponible.<br><em>artspeculation <\/em>ne privil\u00e9gie pas de support particulier ; le support sert l\u2019id\u00e9e, le concept, et l\u2019effet recherch\u00e9. Collages, peinture, dessin, installations, photographie, Internet &#8230;.<br>Tr\u00e8s pr\u00e9sent dans son travail, <em>artspeculation <\/em>s\u2019empare du puzzle comme d\u2019une m\u00e9taphore. Des petits morceaux de carton qui se ressemblent mais sont diff\u00e9rents, qu\u2019il est possible en principe d\u2019organiser pour que cela ait un sens, produise une image. Du d\u00e9sordre, l\u2019ordre sous-jacent r\u00e9appara\u00eet. <em>artspeculation <\/em>propose d\u2019autres solutions, remettant en cause l\u2019unicit\u00e9 de l\u2019ordre et du signifi\u00e9.<\/p>\n\n\n<figure class=\"wp-block-image size-large\"><img src=\"https:\/\/www.artspeculation.net\/wp-content\/gallery\/legrandjeu\/grand_jeu7.JPG\" alt=\"\"\/><\/figure>\n\n\n\n<figure class=\"wp-block-image size-large\"><img src=\"https:\/\/www.artspeculation.net\/wp-content\/gallery\/legrandjeu\/grand_jeu_18.JPG\" alt=\"\"\/><\/figure>\n\n\n\n<figure class=\"wp-block-image size-large\"><img src=\"https:\/\/www.artspeculation.net\/wp-content\/gallery\/legrandjeu\/grand_jeu_20.JPG\" alt=\"\"\/><\/figure>\n\n\n\n<figure class=\"wp-block-image size-large\"><img src=\"https:\/\/www.artspeculation.net\/wp-content\/gallery\/legrandjeu\/grand_jeu2.JPG\" alt=\"\"\/><\/figure>\n\n\n\n<figure class=\"wp-block-image size-large\"><img src=\"https:\/\/www.artspeculation.net\/wp-content\/gallery\/legrandjeu\/grand_jeu4.JPG\" alt=\"\"\/><\/figure>\n\n\n\n<figure class=\"wp-block-image size-large\"><img src=\"https:\/\/www.artspeculation.net\/wp-content\/gallery\/legrandjeu\/grand_jeu_19.JPG\" alt=\"\"\/><\/figure>\n\n\n\n<figure class=\"wp-block-image size-large\"><img src=\"https:\/\/www.artspeculation.net\/wp-content\/gallery\/legrandjeu\/grand_jeu_17.JPG\" alt=\"\"\/><\/figure>\n\n\n\n<figure class=\"wp-block-image size-large\"><img src=\"https:\/\/www.artspeculation.net\/wp-content\/gallery\/legrandjeu\/grand_jeu5.JPG\" alt=\"\"\/><\/figure>\n\n\n\n<figure class=\"wp-block-image size-large\"><img src=\"https:\/\/www.artspeculation.net\/wp-content\/gallery\/legrandjeu\/grand_jeu_14.JPG\" alt=\"\"\/><\/figure>\n\n\n\n<figure class=\"wp-block-image size-large\"><img src=\"https:\/\/www.artspeculation.net\/wp-content\/gallery\/legrandjeu\/grand_jeu6.jpg\" alt=\"\"\/><\/figure>\n\n\n\n<figure class=\"wp-block-image size-large\"><img src=\"https:\/\/www.artspeculation.net\/wp-content\/gallery\/legrandjeu\/grand_jeu_15.JPG\" alt=\"\"\/><\/figure>\n\n\n\n<figure class=\"wp-block-image size-large\"><img src=\"https:\/\/www.artspeculation.net\/wp-content\/gallery\/legrandjeu\/grand_jeu1.JPG\" alt=\"\"\/><\/figure>\n\n\n\n<figure class=\"wp-block-image size-large\"><img src=\"https:\/\/www.artspeculation.net\/wp-content\/gallery\/legrandjeu\/grand_jeu_16.JPG\" alt=\"\"\/><\/figure>\n\n\n\n<figure class=\"wp-block-image size-large\"><img src=\"https:\/\/www.artspeculation.net\/wp-content\/gallery\/legrandjeu\/grand_jeu8.JPG\" alt=\"\"\/><\/figure>\n\n\n\n<figure class=\"wp-block-image size-large\"><img src=\"https:\/\/www.artspeculation.net\/wp-content\/gallery\/legrandjeu\/grand_jeu_10.JPG\" alt=\"\"\/><\/figure>\n\n\n\n<figure class=\"wp-block-image size-large\"><img src=\"https:\/\/www.artspeculation.net\/wp-content\/gallery\/legrandjeu\/grand_jeu_11.JPG\" alt=\"\"\/><\/figure>\n\n\n\n<figure class=\"wp-block-image size-large\"><img src=\"https:\/\/www.artspeculation.net\/wp-content\/gallery\/legrandjeu\/grand_jeu_12.JPG\" alt=\"\"\/><\/figure>\n\n\n\n<figure class=\"wp-block-image size-large\"><img src=\"https:\/\/www.artspeculation.net\/wp-content\/gallery\/legrandjeu\/grand_jeu3.JPG\" alt=\"\"\/><\/figure>\n\n\n\n<figure class=\"wp-block-image size-large\"><img src=\"https:\/\/www.artspeculation.net\/wp-content\/gallery\/legrandjeu\/grand_jeu_13.JPG\" alt=\"\"\/><\/figure>\n","protected":false},"excerpt":{"rendered":"<p>par le collectif ARTSPECULATION (installations, dessins) du 18 ao\u00fbt au 15 septembre\u00e0 la galerie Hors Les Murs &#8211; espace mutualis\u00e9 de Marseilleexpos20 Rue Saint-Antoine, 13002 Marseille Dans un univers qui le d\u00e9passe, l&rsquo;homme construit sa r\u00e9alit\u00e9 et il veut y croire. Ce que nous appelons \u00ab\u00a0jeu\u00a0\u00bb correspond peut-\u00eatre finalement \u00e0 une n\u00e9cessit\u00e9 humaine essentielle, celle [&hellip;]<\/p>\n","protected":false},"author":1,"featured_media":0,"parent":1992,"menu_order":0,"comment_status":"closed","ping_status":"closed","template":"","meta":{"ngg_post_thumbnail":0},"_links":{"self":[{"href":"https:\/\/www.artspeculation.net\/index.php?rest_route=\/wp\/v2\/pages\/1511"}],"collection":[{"href":"https:\/\/www.artspeculation.net\/index.php?rest_route=\/wp\/v2\/pages"}],"about":[{"href":"https:\/\/www.artspeculation.net\/index.php?rest_route=\/wp\/v2\/types\/page"}],"author":[{"embeddable":true,"href":"https:\/\/www.artspeculation.net\/index.php?rest_route=\/wp\/v2\/users\/1"}],"replies":[{"embeddable":true,"href":"https:\/\/www.artspeculation.net\/index.php?rest_route=%2Fwp%2Fv2%2Fcomments&post=1511"}],"version-history":[{"count":66,"href":"https:\/\/www.artspeculation.net\/index.php?rest_route=\/wp\/v2\/pages\/1511\/revisions"}],"predecessor-version":[{"id":3274,"href":"https:\/\/www.artspeculation.net\/index.php?rest_route=\/wp\/v2\/pages\/1511\/revisions\/3274"}],"up":[{"embeddable":true,"href":"https:\/\/www.artspeculation.net\/index.php?rest_route=\/wp\/v2\/pages\/1992"}],"wp:attachment":[{"href":"https:\/\/www.artspeculation.net\/index.php?rest_route=%2Fwp%2Fv2%2Fmedia&parent=1511"}],"curies":[{"name":"wp","href":"https:\/\/api.w.org\/{rel}","templated":true}]}}