{"id":1491,"date":"2014-06-11T12:07:51","date_gmt":"2014-06-11T12:07:51","guid":{"rendered":"http:\/\/www.artspeculation.net\/?page_id=1491"},"modified":"2022-06-10T06:26:36","modified_gmt":"2022-06-10T06:26:36","slug":"enterrement-a-nolleval","status":"publish","type":"page","link":"https:\/\/www.artspeculation.net\/?page_id=1491","title":{"rendered":"Enterrement \u00e0 Noll\u00e9val"},"content":{"rendered":"\n<div class=\"wp-block-columns\">\n<div class=\"wp-block-column\" style=\"flex-basis:100%\">\n<p>2014 &#8211; performance au \u00ab\u00a0cimeti\u00e8re de l&rsquo;art\u00a0\u00bb, Noll\u00e9val (76) &#8211; 2,5\u00d70,2 m &#8211; r\u00e8gle de ma\u00e7on en aluminium, peinture acrylique.<\/p>\n<p><iframe loading=\"lazy\" title=\"Enterrement \u00e0 Noll\u00e9val\" width=\"580\" height=\"326\" src=\"https:\/\/www.youtube.com\/embed\/WgAaSUHHA04?feature=oembed\" frameborder=\"0\" allow=\"accelerometer; autoplay; clipboard-write; encrypted-media; gyroscope; picture-in-picture\" allowfullscreen><\/iframe><\/p>\n<p><em>Les messages suivant ont \u00e9t\u00e9 perc\u00e9s de part et d&rsquo;autre de la r\u00e8gle :<\/em><\/p>\n<p>CI-GIT L&rsquo;OMBRE DU G\u00c9NIE DISPARU MAIS CONNU<\/p>\n<p>R\u00c8GLE \u00c0 TIRER DES TRAITS SUR LES R\u00c8GLES &#8211; ARTSPECULATION<\/p>\n<p>\n\n<div class=\"ngg-galleryoverview ngg-slideshow\"\n\t id=\"ngg-slideshow-0439323d96fe0669126bdc9b5db4a37c-15771502380\"\n     data-gallery-id=\"0439323d96fe0669126bdc9b5db4a37c\"\n     style=\"max-width: 800px; max-height: 600px;\">\n\n \t<div id=\"ngg-image-0\" class=\"ngg-gallery-slideshow-image\" style=\"height:600px\">\n\n        <a href=\"https:\/\/www.artspeculation.net\/wp-content\/gallery\/enterrement\/regle1.jpg\"\n           title=\"ci-git l\\&#039;ombre du g\u00e9nie disparu mais connu\"\n           data-src=\"https:\/\/www.artspeculation.net\/wp-content\/gallery\/enterrement\/regle1.jpg\"\n           data-thumbnail=\"https:\/\/www.artspeculation.net\/wp-content\/gallery\/enterrement\/thumbs\/thumbs_regle1.jpg\"\n           data-image-id=\"203\"\n           data-title=\"regle1\"\n           data-description=\"ci-git l&#039;ombre du g\u00e9nie disparu mais connu\"\n           >\n\n            <img data-image-id='203'\n                 title=\"ci-git l\\&#039;ombre du g\u00e9nie disparu mais connu\"\n                 alt=\"regle1\"\n                 src=\"https:\/\/www.artspeculation.net\/wp-content\/gallery\/enterrement\/regle1.jpg\"\n                 style=\"max-height: 580px;\"\/>\n        <\/a>\n\n        <\/div> \n<div id=\"ngg-image-1\" class=\"ngg-gallery-slideshow-image\" style=\"height:600px\">\n\n        <a href=\"https:\/\/www.artspeculation.net\/wp-content\/gallery\/enterrement\/regledetail1.jpg\"\n           title=\"ci-git l\\&#039;ombre du g\u00e9nie disparu mais connu\"\n           data-src=\"https:\/\/www.artspeculation.net\/wp-content\/gallery\/enterrement\/regledetail1.jpg\"\n           data-thumbnail=\"https:\/\/www.artspeculation.net\/wp-content\/gallery\/enterrement\/thumbs\/thumbs_regledetail1.jpg\"\n           data-image-id=\"205\"\n           data-title=\"regledetail1\"\n           data-description=\"ci-git l&#039;ombre du g\u00e9nie disparu mais connu\"\n           >\n\n            <img data-image-id='205'\n                 title=\"ci-git l\\&#039;ombre du g\u00e9nie disparu mais connu\"\n                 alt=\"regledetail1\"\n                 src=\"https:\/\/www.artspeculation.net\/wp-content\/gallery\/enterrement\/regledetail1.jpg\"\n                 style=\"max-height: 580px;\"\/>\n        <\/a>\n\n        <\/div> \n<div id=\"ngg-image-2\" class=\"ngg-gallery-slideshow-image\" style=\"height:600px\">\n\n        <a href=\"https:\/\/www.artspeculation.net\/wp-content\/gallery\/enterrement\/regle2.jpg\"\n           title=\"r\u00e8gle \u00e0 tirer des traits sur les r\u00e8gles\"\n           data-src=\"https:\/\/www.artspeculation.net\/wp-content\/gallery\/enterrement\/regle2.jpg\"\n           data-thumbnail=\"https:\/\/www.artspeculation.net\/wp-content\/gallery\/enterrement\/thumbs\/thumbs_regle2.jpg\"\n           data-image-id=\"204\"\n           data-title=\"regle2\"\n           data-description=\"r\u00e8gle \u00e0 tirer des traits sur les r\u00e8gles\"\n           >\n\n            <img data-image-id='204'\n                 title=\"r\u00e8gle \u00e0 tirer des traits sur les r\u00e8gles\"\n                 alt=\"regle2\"\n                 src=\"https:\/\/www.artspeculation.net\/wp-content\/gallery\/enterrement\/regle2.jpg\"\n                 style=\"max-height: 580px;\"\/>\n        <\/a>\n\n        <\/div> \n<div id=\"ngg-image-3\" class=\"ngg-gallery-slideshow-image\" style=\"height:600px\">\n\n        <a href=\"https:\/\/www.artspeculation.net\/wp-content\/gallery\/enterrement\/regledetail2.jpg\"\n           title=\"r\u00e8gle \u00e0 tirer des traits sur les r\u00e8gles\"\n           data-src=\"https:\/\/www.artspeculation.net\/wp-content\/gallery\/enterrement\/regledetail2.jpg\"\n           data-thumbnail=\"https:\/\/www.artspeculation.net\/wp-content\/gallery\/enterrement\/thumbs\/thumbs_regledetail2.jpg\"\n           data-image-id=\"206\"\n           data-title=\"regledetail2\"\n           data-description=\"r\u00e8gle \u00e0 tirer des traits sur les r\u00e8gles\"\n           >\n\n            <img data-image-id='206'\n                 title=\"r\u00e8gle \u00e0 tirer des traits sur les r\u00e8gles\"\n                 alt=\"regledetail2\"\n                 src=\"https:\/\/www.artspeculation.net\/wp-content\/gallery\/enterrement\/regledetail2.jpg\"\n                 style=\"max-height: 580px;\"\/>\n        <\/a>\n\n        <\/div> \n<\/div>\n\n\n\t\t<!-- Thumbnails Link -->\n\t<div class=\"slideshowlink\" style=\"max-width: 800px;\">\n        <a href='https:\/\/www.artspeculation.net\/index.php\/nggallery\/thumbnails?page_id=1491'><\/a>\n\t<\/div>\n\n<br><strong>Enterrement \u00e0 Noll\u00e9val &#8211; R\u00e9glage de la profondeur du champ et balance des couleurs<\/strong> 2014 &#8211; performance \/ installation au \u00ab\u00a0cimeti\u00e8re de l&rsquo;art\u00a0\u00bb, Noll\u00e9val (76) &#8211; 2,5\u00d70,2m &#8211; r\u00e8gle de ma\u00e7on en aluminium, peinture acrylique.<\/p>\n<p>&nbsp;<\/p>\n<p><small>Pour agrandir, cliquez sur l&rsquo;image :<\/small><\/p>\n<p><a class=\"thickbox\" title=\"R\u00e9glage de la profondeur du champ et balance des couleurs   2014 - installation, 2,5\u00d70,2 m - r\u00e8gle de ma\u00e7on en aluminium, peinture acrylique.\" href=\"https:\/\/www.artspeculation.net\/wp-content\/gallery\/enterrement\/regle1.jpg\" rel=\"\"><img class=\"ngg-singlepic ngg-left\" src=\"https:\/\/www.artspeculation.net\/wp-content\/gallery\/enterrement\/thumbs\/thumbs_regle1.jpg\" alt=\"R\u00e9glage de la profondeur du champ et balance des couleurs\"><\/a><strong>R\u00e9glage de la profondeur du champ et balance des couleurs<\/strong> 2014 &#8211; installation, 2,5\u00d70,2 m &#8211; r\u00e8gle de ma\u00e7on en aluminium, peinture acrylique.<\/p>\n<p><a class=\"thickbox\" title=\"R\u00e9glage de la profondeur du champ et balance des couleurs   2014 - installation, 2,5\u00d70,2 m - r\u00e8gle de ma\u00e7on en aluminium, peinture acrylique.\" href=\"https:\/\/www.artspeculation.net\/wp-content\/gallery\/enterrement\/regledetail1.jpg\" rel=\"\"><img class=\"ngg-singlepic ngg-left\" src=\"https:\/\/www.artspeculation.net\/wp-content\/gallery\/enterrement\/thumbs\/thumbs_regledetail1.jpg\" alt=\"R\u00e9glage de la profondeur du champ et balance des couleurs\"><\/a><strong>R\u00e9glage de la profondeur du champ et balance des couleurs<\/strong> (d\u00e9tail) 2014 &#8211; installation, 2,5\u00d70,2 m &#8211; r\u00e8gle de ma\u00e7on en aluminium, peinture acrylique.<\/p>\n<p><a class=\"thickbox\" title=\"R\u00e9glage de la profondeur du champ et balance des couleurs   2014 - installation, 2,5\u00d70,2 m - r\u00e8gle de ma\u00e7on en aluminium, peinture acrylique.\" href=\"https:\/\/www.artspeculation.net\/wp-content\/gallery\/enterrement\/regle2.jpg\" rel=\"\"><img class=\"ngg-singlepic ngg-left\" src=\"https:\/\/www.artspeculation.net\/wp-content\/gallery\/enterrement\/thumbs\/thumbs_regle2.jpg\" alt=\"R\u00e9glage de la profondeur du champ et balance des couleurs\"><\/a><strong>R\u00e9glage de la profondeur du champ et balance des couleurs<\/strong> 2014 &#8211; installation, 2,5\u00d70,2 m &#8211; r\u00e8gle de ma\u00e7on en aluminium, peinture acrylique.<\/p>\n<p><a class=\"thickbox\" title=\"R\u00e9glage de la profondeur du champ et balance des couleurs   2014 - installation, 2,5\u00d70,2 m - r\u00e8gle de ma\u00e7on en aluminium, peinture acrylique.\" href=\"https:\/\/www.artspeculation.net\/wp-content\/gallery\/enterrement\/regledetail2.jpg\" rel=\"\"><img class=\"ngg-singlepic ngg-left\" src=\"https:\/\/www.artspeculation.net\/wp-content\/gallery\/enterrement\/thumbs\/thumbs_regledetail2.jpg\" alt=\"R\u00e9glage de la profondeur du champ et balance des couleurs\"><\/a><strong>R\u00e9glage de la profondeur du champ et balance des couleurs<\/strong> (d\u00e9tail) 2014 &#8211; installation, 2,5\u00d70,2 m &#8211; r\u00e8gle de ma\u00e7on en aluminium, peinture acrylique.<\/p>\n<p>&nbsp;<\/p>\n<p>&nbsp;<\/p>\n<p><a href=\"https:\/\/www.artspeculation.net\/?page_id=34\"> Retour portofolio<\/a><\/p>\n<\/div>\n<\/div>\n","protected":false},"excerpt":{"rendered":"<p>2014 &#8211; performance au \u00ab\u00a0cimeti\u00e8re de l&rsquo;art\u00a0\u00bb, Noll\u00e9val (76) &#8211; 2,5\u00d70,2 m &#8211; r\u00e8gle de ma\u00e7on en aluminium, peinture acrylique. Les messages suivant ont \u00e9t\u00e9 perc\u00e9s de part et d&rsquo;autre de la r\u00e8gle : CI-GIT L&rsquo;OMBRE DU G\u00c9NIE DISPARU MAIS CONNU R\u00c8GLE \u00c0 TIRER DES TRAITS SUR LES R\u00c8GLES &#8211; ARTSPECULATION Enterrement \u00e0 Noll\u00e9val &#8211; [&hellip;]<\/p>\n","protected":false},"author":1,"featured_media":0,"parent":379,"menu_order":0,"comment_status":"closed","ping_status":"closed","template":"onecolumn-page.php","meta":{"ngg_post_thumbnail":0},"_links":{"self":[{"href":"https:\/\/www.artspeculation.net\/index.php?rest_route=\/wp\/v2\/pages\/1491"}],"collection":[{"href":"https:\/\/www.artspeculation.net\/index.php?rest_route=\/wp\/v2\/pages"}],"about":[{"href":"https:\/\/www.artspeculation.net\/index.php?rest_route=\/wp\/v2\/types\/page"}],"author":[{"embeddable":true,"href":"https:\/\/www.artspeculation.net\/index.php?rest_route=\/wp\/v2\/users\/1"}],"replies":[{"embeddable":true,"href":"https:\/\/www.artspeculation.net\/index.php?rest_route=%2Fwp%2Fv2%2Fcomments&post=1491"}],"version-history":[{"count":21,"href":"https:\/\/www.artspeculation.net\/index.php?rest_route=\/wp\/v2\/pages\/1491\/revisions"}],"predecessor-version":[{"id":3038,"href":"https:\/\/www.artspeculation.net\/index.php?rest_route=\/wp\/v2\/pages\/1491\/revisions\/3038"}],"up":[{"embeddable":true,"href":"https:\/\/www.artspeculation.net\/index.php?rest_route=\/wp\/v2\/pages\/379"}],"wp:attachment":[{"href":"https:\/\/www.artspeculation.net\/index.php?rest_route=%2Fwp%2Fv2%2Fmedia&parent=1491"}],"curies":[{"name":"wp","href":"https:\/\/api.w.org\/{rel}","templated":true}]}}