{"id":1179,"date":"2013-05-29T09:46:13","date_gmt":"2013-05-29T09:46:13","guid":{"rendered":"http:\/\/www.artspeculation.net\/?page_id=1179"},"modified":"2022-04-12T22:27:45","modified_gmt":"2022-04-12T22:27:45","slug":"still-life","status":"publish","type":"page","link":"https:\/\/www.artspeculation.net\/?page_id=1179","title":{"rendered":"Still life"},"content":{"rendered":"\n<div class=\"wp-block-columns\">\n<div class=\"wp-block-column\" style=\"flex-basis:100%\">\n<p>\n\n<div class=\"ngg-galleryoverview ngg-slideshow\"\n\t id=\"ngg-slideshow-bb883e32b980c5032d92b76fe0633700-10706627540\"\n     data-gallery-id=\"bb883e32b980c5032d92b76fe0633700\"\n     style=\"max-width: 800px; max-height: 600px;\">\n\n \t<div id=\"ngg-image-0\" class=\"ngg-gallery-slideshow-image\" style=\"height:600px\">\n\n        <a href=\"https:\/\/www.artspeculation.net\/wp-content\/gallery\/still-life\/still_life.jpg\"\n           title=\"\"\n           data-src=\"https:\/\/www.artspeculation.net\/wp-content\/gallery\/still-life\/still_life.jpg\"\n           data-thumbnail=\"https:\/\/www.artspeculation.net\/wp-content\/gallery\/still-life\/thumbs\/thumbs_still_life.jpg\"\n           data-image-id=\"163\"\n           data-title=\"still_life\"\n           data-description=\"\"\n           >\n\n            <img data-image-id='163'\n                 title=\"\"\n                 alt=\"still_life\"\n                 src=\"https:\/\/www.artspeculation.net\/wp-content\/gallery\/still-life\/still_life.jpg\"\n                 style=\"max-height: 580px;\"\/>\n        <\/a>\n\n        <\/div> \n<div id=\"ngg-image-1\" class=\"ngg-gallery-slideshow-image\" style=\"height:600px\">\n\n        <a href=\"https:\/\/www.artspeculation.net\/wp-content\/gallery\/still-life\/still_life_detail.jpg\"\n           title=\"\"\n           data-src=\"https:\/\/www.artspeculation.net\/wp-content\/gallery\/still-life\/still_life_detail.jpg\"\n           data-thumbnail=\"https:\/\/www.artspeculation.net\/wp-content\/gallery\/still-life\/thumbs\/thumbs_still_life_detail.jpg\"\n           data-image-id=\"164\"\n           data-title=\"still_life_detail\"\n           data-description=\"\"\n           >\n\n            <img data-image-id='164'\n                 title=\"\"\n                 alt=\"still_life_detail\"\n                 src=\"https:\/\/www.artspeculation.net\/wp-content\/gallery\/still-life\/still_life_detail.jpg\"\n                 style=\"max-height: 580px;\"\/>\n        <\/a>\n\n        <\/div> \n<\/div>\n\n\n\t\t<!-- Thumbnails Link -->\n\t<div class=\"slideshowlink\" style=\"max-width: 800px;\">\n        <a href='https:\/\/www.artspeculation.net\/index.php\/nggallery\/thumbnails?page_id=1179'><\/a>\n\t<\/div>\n\n<br><strong>Still life<\/strong> &nbsp;&nbsp;2013 \u2013 60&#215;110 cm \u2013 Cadre en bois dor\u00e9, peinture \u00e0 l&rsquo;huile sur toile, film plastique.<br><br><em> Un tableau, encadr\u00e9, prot\u00e9g\u00e9 par un emballage en plastique, repr\u00e9sentant un paysage id\u00e9al dont l&rsquo;acc\u00e8s est interdit par des barbel\u00e9s. Un regard sur une nature id\u00e9ale qu&rsquo;il convient d&rsquo;\u00e9terniser en la peignant. Un regard sur un pr\u00e9sent qui va dispara\u00eetre et qu&rsquo;il convient donc de peindre pour en conserver au moins l&rsquo;image pour l&rsquo;\u00e9ternit\u00e9.<br><br>Nature morte, Still life en anglais. Peinture d&rsquo;objets, de choses, mais pas de paysages, malgr\u00e9 son nom. Repr\u00e9sentation trompeuse d\u2019une r\u00e9alit\u00e9 recherch\u00e9e, quasi parfaite ; sujet fig\u00e9 pour l&rsquo;\u00e9ternit\u00e9, toujours disponible en apparence : la pomme du compotier ne fl\u00e9trira jamais et pourtant elle parait bien vivante.<br><br>Nature prot\u00e9g\u00e9e, que l&rsquo;on d\u00e9limite dans des espaces vou\u00e9s \u00e0 la conservation d&rsquo;un \u00e9tat que l&rsquo;on ne voudrait surtout pas voir \u00e9voluer. Le mythe d&rsquo;une nature encore plus vraie tant qu&rsquo;elle reste \u00e0 l&rsquo;abri de l&rsquo;homme civilis\u00e9.<\/em><br><br><br><small>Pour agrandir, cliquez sur l&rsquo;image :<\/small><br><br><a class=\"thickbox\" title=\"Still life   2013 \u2013 60x110 cm \u2013 Cadre en bois dor\u00e9, peinture \u00e0 l'huile sur toile, film plastique.\" href=\"https:\/\/www.artspeculation.net\/wp-content\/gallery\/still-life\/still_life.jpg\" rel=\"\"><img class=\"ngg-singlepic ngg-left\" src=\"https:\/\/www.artspeculation.net\/wp-content\/gallery\/still-life\/thumbs\/thumbs_still_life.jpg\" alt=\"Still life\"><\/a><strong>Still life<\/strong> &nbsp;&nbsp;2013 \u2013 60&#215;110 cm \u2013 Cadre en bois dor\u00e9, peinture \u00e0 l&rsquo;huile sur toile, film plastique.<br><br><br><a class=\"thickbox\" title=\"Still life (d\u00e9tail)   2013 \u2013 60x110 cm \u2013 Cadre en bois dor\u00e9, peinture \u00e0 l'huile sur toile, film plastique.\" href=\"https:\/\/www.artspeculation.net\/wp-content\/gallery\/still-life\/still_life_detail.jpg\" rel=\"\"><img class=\"ngg-singlepic ngg-left\" src=\"https:\/\/www.artspeculation.net\/wp-content\/gallery\/still-life\/thumbs\/thumbs_still_life_detail.jpg\" alt=\"Still life (d\u00e9tail)\"><\/a><strong>Still life<\/strong> d\u00e9tail &nbsp;&nbsp;2013 \u2013 60&#215;110 cm \u2013 Cadre en bois dor\u00e9, peinture \u00e0 l&rsquo;huile sur toile, film plastique.<br><br><br><br><br><\/p>\n<p><a href=\"https:\/\/www.artspeculation.net\/?page_id=34\"> Retour portofolio<\/a><\/p>\n<\/div>\n<\/div>\n","protected":false},"excerpt":{"rendered":"<p>Still life &nbsp;&nbsp;2013 \u2013 60&#215;110 cm \u2013 Cadre en bois dor\u00e9, peinture \u00e0 l&rsquo;huile sur toile, film plastique. Un tableau, encadr\u00e9, prot\u00e9g\u00e9 par un emballage en plastique, repr\u00e9sentant un paysage id\u00e9al dont l&rsquo;acc\u00e8s est interdit par des barbel\u00e9s. Un regard sur une nature id\u00e9ale qu&rsquo;il convient d&rsquo;\u00e9terniser en la peignant. Un regard sur un pr\u00e9sent [&hellip;]<\/p>\n","protected":false},"author":1,"featured_media":0,"parent":1351,"menu_order":0,"comment_status":"closed","ping_status":"closed","template":"onecolumn-page.php","meta":{"ngg_post_thumbnail":0},"_links":{"self":[{"href":"https:\/\/www.artspeculation.net\/index.php?rest_route=\/wp\/v2\/pages\/1179"}],"collection":[{"href":"https:\/\/www.artspeculation.net\/index.php?rest_route=\/wp\/v2\/pages"}],"about":[{"href":"https:\/\/www.artspeculation.net\/index.php?rest_route=\/wp\/v2\/types\/page"}],"author":[{"embeddable":true,"href":"https:\/\/www.artspeculation.net\/index.php?rest_route=\/wp\/v2\/users\/1"}],"replies":[{"embeddable":true,"href":"https:\/\/www.artspeculation.net\/index.php?rest_route=%2Fwp%2Fv2%2Fcomments&post=1179"}],"version-history":[{"count":11,"href":"https:\/\/www.artspeculation.net\/index.php?rest_route=\/wp\/v2\/pages\/1179\/revisions"}],"predecessor-version":[{"id":2931,"href":"https:\/\/www.artspeculation.net\/index.php?rest_route=\/wp\/v2\/pages\/1179\/revisions\/2931"}],"up":[{"embeddable":true,"href":"https:\/\/www.artspeculation.net\/index.php?rest_route=\/wp\/v2\/pages\/1351"}],"wp:attachment":[{"href":"https:\/\/www.artspeculation.net\/index.php?rest_route=%2Fwp%2Fv2%2Fmedia&parent=1179"}],"curies":[{"name":"wp","href":"https:\/\/api.w.org\/{rel}","templated":true}]}}