{"id":1117,"date":"2013-02-22T22:12:40","date_gmt":"2013-02-22T22:12:40","guid":{"rendered":"http:\/\/www.artspeculation.net\/?page_id=1117"},"modified":"2022-04-12T08:17:07","modified_gmt":"2022-04-12T08:17:07","slug":"copie-originale","status":"publish","type":"page","link":"https:\/\/www.artspeculation.net\/?page_id=1117","title":{"rendered":"Copie originale"},"content":{"rendered":"\n<div class=\"wp-container-1 wp-block-group\"><div class=\"wp-block-group__inner-container\">\n<p>\n\n<div class=\"ngg-galleryoverview ngg-slideshow\"\n\t id=\"ngg-slideshow-0878a81befde7c9c116dfdb00618dc9a-8950161000\"\n     data-gallery-id=\"0878a81befde7c9c116dfdb00618dc9a\"\n     style=\"max-width: 800px; max-height: 600px;\">\n\n \t<div id=\"ngg-image-0\" class=\"ngg-gallery-slideshow-image\" style=\"height:600px\">\n\n        <a href=\"https:\/\/www.artspeculation.net\/wp-content\/gallery\/copieoriginale\/copie.jpg\"\n           title=\"\"\n           data-src=\"https:\/\/www.artspeculation.net\/wp-content\/gallery\/copieoriginale\/copie.jpg\"\n           data-thumbnail=\"https:\/\/www.artspeculation.net\/wp-content\/gallery\/copieoriginale\/thumbs\/thumbs_copie.jpg\"\n           data-image-id=\"152\"\n           data-title=\"copie\"\n           data-description=\"\"\n           >\n\n            <img data-image-id='152'\n                 title=\"\"\n                 alt=\"copie\"\n                 src=\"https:\/\/www.artspeculation.net\/wp-content\/gallery\/copieoriginale\/copie.jpg\"\n                 style=\"max-height: 580px;\"\/>\n        <\/a>\n\n        <\/div> \n<div id=\"ngg-image-1\" class=\"ngg-gallery-slideshow-image\" style=\"height:600px\">\n\n        <a href=\"https:\/\/www.artspeculation.net\/wp-content\/gallery\/copieoriginale\/copiedetail.jpg\"\n           title=\"\"\n           data-src=\"https:\/\/www.artspeculation.net\/wp-content\/gallery\/copieoriginale\/copiedetail.jpg\"\n           data-thumbnail=\"https:\/\/www.artspeculation.net\/wp-content\/gallery\/copieoriginale\/thumbs\/thumbs_copiedetail.jpg\"\n           data-image-id=\"153\"\n           data-title=\"copiedetail\"\n           data-description=\"\"\n           >\n\n            <img data-image-id='153'\n                 title=\"\"\n                 alt=\"copiedetail\"\n                 src=\"https:\/\/www.artspeculation.net\/wp-content\/gallery\/copieoriginale\/copiedetail.jpg\"\n                 style=\"max-height: 580px;\"\/>\n        <\/a>\n\n        <\/div> \n<\/div>\n\n\n\t\t<!-- Thumbnails Link -->\n\t<div class=\"slideshowlink\" style=\"max-width: 800px;\">\n        <a href='https:\/\/www.artspeculation.net\/index.php\/nggallery\/thumbnails?page_id=1117'><\/a>\n\t<\/div>\n\n<br><strong>Copie originale<\/strong> &nbsp;&nbsp;2012 \u2013 30&#215;20 cm \u2013 bavoir d\u2019enfant en coton, point de croix en fil de coton noir.<\/p>\n<p><em>\u00ab\u00a0Ceci n&rsquo;est pas une copie\u00a0\u00bb d&rsquo;un <a title=\"lien Investissement\" href=\"https:\/\/www.artspeculation.net\/?page_id=942\">pr\u00e9c\u00e9dent bavoir<\/a> r\u00e9alis\u00e9 par <\/em>artspeculation<em>, aussi vendu sur <a title=\"lien eBay\" href=\"http:\/\/www.ebay.fr\/sch\/i.html?_odkw=artspeculation&amp;_osacat=0&amp;_from=R40&amp;_trksid=m570.l1313&amp;_nkw=artspeculation&amp;_sacat=0\" target=\"_blank\" rel=\"noopener\">eBay<\/a>, car le message cach\u00e9 du QR Code en est diff\u00e9rent.<br>Copie. Reproduction. Reproduire. Se reproduire. Mon enfant, mon prolongement, que j&rsquo;\u00e9l\u00e8ve, que je mod\u00e8le \u00e0 mon image, \u00e0 qui je transmets mon code g\u00e9n\u00e9tique, et qui finalement finira par s&rsquo;\u00e9chapper et ne sera jamais un autre moi-m\u00eame.<\/em><\/p>\n<p>&nbsp;<\/p>\n<p><small>Pour agrandir, cliquez sur l&rsquo;image :<\/small><\/p>\n<p><a class=\"thickbox\" title=\"Copie originale   2012 \u2013 30x20 cm \u2013 bavoir d\u2019enfant en coton, point de croix en fil de coton noir.\" href=\"https:\/\/www.artspeculation.net\/wp-content\/gallery\/copieoriginale\/copie.jpg\" rel=\"\"><img class=\"ngg-singlepic ngg-left\" src=\"https:\/\/www.artspeculation.net\/wp-content\/gallery\/copieoriginale\/thumbs\/thumbs_copie.jpg\" alt=\"Copie originale\"><\/a><br><strong>Copie originale<\/strong> &nbsp;&nbsp;2012 \u2013 30&#215;20 cm \u2013 bavoir d\u2019enfant en coton, point de croix en fil de coton noir.<\/p>\n<p><a class=\"thickbox\" title=\"Copie originale (d\u00e9tail)   2012 \u2013 30x20 cm \u2013 bavoir d\u2019enfant en coton, point de croix en fil de coton noir.\" href=\"https:\/\/www.artspeculation.net\/wp-content\/gallery\/copieoriginale\/copiedetail.jpg\" rel=\"\"><img class=\"ngg-singlepic ngg-left\" src=\"https:\/\/www.artspeculation.net\/wp-content\/gallery\/copieoriginale\/thumbs\/thumbs_copiedetail.jpg\" alt=\"Copie originale (d\u00e9tail)\"><\/a><br><strong>Copie originale<\/strong> d\u00e9tail &nbsp;&nbsp;2012 \u2013 30&#215;20 cm \u2013 bavoir d\u2019enfant en coton, point de croix en fil de coton noir.<\/p>\n<p>&nbsp;<\/p>\n<p>&nbsp;<\/p>\n<p><a href=\"https:\/\/www.artspeculation.net\/?page_id=34\"> Retour portofolio<\/a><\/p>\n<\/div><\/div>\n","protected":false},"excerpt":{"rendered":"<p>Copie originale &nbsp;&nbsp;2012 \u2013 30&#215;20 cm \u2013 bavoir d\u2019enfant en coton, point de croix en fil de coton noir. \u00ab\u00a0Ceci n&rsquo;est pas une copie\u00a0\u00bb d&rsquo;un pr\u00e9c\u00e9dent bavoir r\u00e9alis\u00e9 par artspeculation, aussi vendu sur eBay, car le message cach\u00e9 du QR Code en est diff\u00e9rent.Copie. Reproduction. Reproduire. Se reproduire. Mon enfant, mon prolongement, que j&rsquo;\u00e9l\u00e8ve, que [&hellip;]<\/p>\n","protected":false},"author":1,"featured_media":0,"parent":1349,"menu_order":0,"comment_status":"closed","ping_status":"closed","template":"onecolumn-page.php","meta":{"ngg_post_thumbnail":0},"_links":{"self":[{"href":"https:\/\/www.artspeculation.net\/index.php?rest_route=\/wp\/v2\/pages\/1117"}],"collection":[{"href":"https:\/\/www.artspeculation.net\/index.php?rest_route=\/wp\/v2\/pages"}],"about":[{"href":"https:\/\/www.artspeculation.net\/index.php?rest_route=\/wp\/v2\/types\/page"}],"author":[{"embeddable":true,"href":"https:\/\/www.artspeculation.net\/index.php?rest_route=\/wp\/v2\/users\/1"}],"replies":[{"embeddable":true,"href":"https:\/\/www.artspeculation.net\/index.php?rest_route=%2Fwp%2Fv2%2Fcomments&post=1117"}],"version-history":[{"count":21,"href":"https:\/\/www.artspeculation.net\/index.php?rest_route=\/wp\/v2\/pages\/1117\/revisions"}],"predecessor-version":[{"id":2562,"href":"https:\/\/www.artspeculation.net\/index.php?rest_route=\/wp\/v2\/pages\/1117\/revisions\/2562"}],"up":[{"embeddable":true,"href":"https:\/\/www.artspeculation.net\/index.php?rest_route=\/wp\/v2\/pages\/1349"}],"wp:attachment":[{"href":"https:\/\/www.artspeculation.net\/index.php?rest_route=%2Fwp%2Fv2%2Fmedia&parent=1117"}],"curies":[{"name":"wp","href":"https:\/\/api.w.org\/{rel}","templated":true}]}}